{"id":6564,"date":"2026-04-14T13:46:32","date_gmt":"2026-04-14T11:46:32","guid":{"rendered":"https:\/\/marocotel.org\/?post_type=exposants&#038;p=6564"},"modified":"2026-04-14T13:46:33","modified_gmt":"2026-04-14T11:46:33","slug":"maroc-pme","status":"publish","type":"exposants","link":"https:\/\/marocotel.org\/en\/exposants\/maroc-pme\/","title":{"rendered":"MAROC PME"},"content":{"rendered":"<figure class=\"wp-block-image size-full is-resized\"><img loading=\"lazy\" decoding=\"async\" width=\"240\" height=\"210\" src=\"https:\/\/marocotel.org\/wp-content\/uploads\/2026\/04\/logo-marocpme-1.png\" alt=\"\" class=\"wp-image-6566\" style=\"width:301px;height:auto\" srcset=\"https:\/\/marocotel.org\/wp-content\/uploads\/2026\/04\/logo-marocpme-1.png 240w, https:\/\/marocotel.org\/wp-content\/uploads\/2026\/04\/logo-marocpme-1-14x12.png 14w\" sizes=\"auto, (max-width: 240px) 100vw, 240px\" \/><\/figure>\n\n\n\n<div class=\"wp-block-columns is-layout-flex wp-container-core-columns-is-layout-8f761849 wp-block-columns-is-layout-flex\">\n<div class=\"wp-block-column is-layout-flow wp-block-column-is-layout-flow\" style=\"flex-basis:33.33%\"><\/div>\n\n\n\n<div class=\"wp-block-column is-layout-flow wp-block-column-is-layout-flow\" style=\"flex-basis:66.66%\">\n<p class=\"wp-block-paragraph\"><strong>Maroc PME<\/strong>\u00a0est un \u00e9tablissement public plac\u00e9 sous la tutelle du minist\u00e8re de l\u2019Industrie et du Commerce, d\u00e9di\u00e9 au d\u00e9veloppement et \u00e0 la comp\u00e9titivit\u00e9 des petites et moyennes entreprises au Maroc. L\u2019Agence met en \u0153uvre des programmes d\u2019accompagnement, de conseil et d\u2019assistance technique, ainsi que des soutiens \u00e0 l\u2019investissement cibl\u00e9s et sur mesure, g\u00e9n\u00e9rateurs de valeur ajout\u00e9e et d\u2019emplois. Elle contribue \u00e9galement au renforcement de l\u2019\u00e9cosyst\u00e8me entrepreneurial par le d\u00e9veloppement de dispositifs d\u2019accompagnement et de renforcement des capacit\u00e9s des acteurs locaux, et promeut des partenariats pour soutenir l\u2019initiative entrepreneuriale et le d\u00e9veloppement des entreprises.<\/p>\n\n\n\n<p class=\"wp-block-paragraph\"><\/p>\n<\/div>\n<\/div>\n\n\n\n<p class=\"wp-block-paragraph\">&nbsp;<\/p>\n\n\n\n<div style=\"height:30px\" aria-hidden=\"true\" class=\"wp-block-spacer\"><\/div>\n\n\n\n<div class=\"wp-block-columns is-layout-flex wp-container-core-columns-is-layout-8f761849 wp-block-columns-is-layout-flex\">\n<div class=\"wp-block-column is-layout-flow wp-block-column-is-layout-flow\">\n<small>Raison sociale<\/small><br \/><strong>Maroc PME<\/strong>\n<\/div>\n\n\n\n<div class=\"wp-block-column is-layout-flow wp-block-column-is-layout-flow\">\n<small>Secteur<\/small><br \/><strong>G\u00e9rere &#038; Connecter<\/strong>\n\n\n\n<p class=\"wp-block-paragraph\">&nbsp;<\/p>\n<\/div>\n\n\n\n<div class=\"wp-block-column is-layout-flow wp-block-column-is-layout-flow\">\n<small><\/small><br\/>\n<\/div>\n<\/div>\n\n\n\n<div class=\"wp-block-columns is-layout-flex wp-container-core-columns-is-layout-8f761849 wp-block-columns-is-layout-flex\">\n<div class=\"wp-block-column is-layout-flow wp-block-column-is-layout-flow\">\n<small>Contact<\/small><br \/><strong> 06 61 47 98 76                                                                                    <\/strong>          \n\n\n\n<p class=\"wp-block-paragraph\">&nbsp;<\/p>\n<\/div>\n\n\n\n<div class=\"wp-block-column is-layout-flow wp-block-column-is-layout-flow\">\n<small>Fonction<\/small><br \/><strong>Charg\u00e9e de Communication<\/strong><br \/><strong><strong>\n\n\n\n<p class=\"wp-block-paragraph\">&nbsp;<\/p>\n<\/div>\n\n\n\n<div class=\"wp-block-column is-layout-flow wp-block-column-is-layout-flow\">\n<small>Site web<\/small><br \/><strong>https:\/\/marocpme.gov.ma\/           <strong>\n\n\n\n<p class=\"wp-block-paragraph\">&nbsp;<\/p>\n<\/div>\n<\/div>\n\n\n\n<div class=\"wp-block-columns is-layout-flex wp-container-core-columns-is-layout-8f761849 wp-block-columns-is-layout-flex\">\n<div class=\"wp-block-column is-layout-flow wp-block-column-is-layout-flow\">\n<small>T\u00e9l\u00e9phone<\/small><br \/><strong>T\u00e9l. : 08 02 00 00 05                                                          <\/strong><br \/><strong>     GSM : 08 02 00 00 05 <strong> <br \/><strong>Fax : 05 37 57 20 70   <strong>          \n<\/div>\n\n\n\n<div class=\"wp-block-column is-layout-flow wp-block-column-is-layout-flow\">\n<small>Email<\/small><br \/><strong>marocpme@marocpme.gov.ma<strong>           \n<\/div>\n\n\n\n<div class=\"wp-block-column is-layout-flow wp-block-column-is-layout-flow\">\n<small>Adresse<\/small><br \/><strong>3 Avenue Annakhil tt 457 Lot 11 Parcelle N\u00b0 3 &#8211; Hay Riad \u2013 Rabat<strong>\n<\/div>\n<\/div>\n\n\n\n<p class=\"wp-block-paragraph\">&nbsp;<\/p>","protected":false},"featured_media":6565,"menu_order":0,"template":"","meta":{"_acf_changed":true},"categories":[68,72],"class_list":["post-6564","exposants","type-exposants","status-publish","has-post-thumbnail","hentry","category-cuisiner-et-servir","category-nettoyer-et-entretenir"],"acf":[],"_links":{"self":[{"href":"https:\/\/marocotel.org\/en\/wp-json\/wp\/v2\/exposants\/6564","targetHints":{"allow":["GET"]}}],"collection":[{"href":"https:\/\/marocotel.org\/en\/wp-json\/wp\/v2\/exposants"}],"about":[{"href":"https:\/\/marocotel.org\/en\/wp-json\/wp\/v2\/types\/exposants"}],"wp:featuredmedia":[{"embeddable":true,"href":"https:\/\/marocotel.org\/en\/wp-json\/wp\/v2\/media\/6565"}],"wp:attachment":[{"href":"https:\/\/marocotel.org\/en\/wp-json\/wp\/v2\/media?parent=6564"}],"wp:term":[{"taxonomy":"category","embeddable":true,"href":"https:\/\/marocotel.org\/en\/wp-json\/wp\/v2\/categories?post=6564"}],"curies":[{"name":"wp","href":"https:\/\/api.w.org\/{rel}","templated":true}]}}

<figure class="wp-block-image size-full is-resized"><img loading="lazy" decoding="async" width="240" height="210" src="https://marocotel.org/wp-content/uploads/2026/04/logo-marocpme-1.png" alt="" class="wp-image-6566" style="width:301px;height:auto" srcset="https://marocotel.org/wp-content/uploads/2026/04/logo-marocpme-1.png 240w, https://marocotel.org/wp-content/uploads/2026/04/logo-marocpme-1-14x12.png 14w" sizes="auto, (max-width: 240px) 100vw, 240px" /></figure>



<div class="wp-block-columns is-layout-flex wp-container-core-columns-is-layout-8f761849 wp-block-columns-is-layout-flex">
<div class="wp-block-column is-layout-flow wp-block-column-is-layout-flow" style="flex-basis:33.33%"></div>



<div class="wp-block-column is-layout-flow wp-block-column-is-layout-flow" style="flex-basis:66.66%">
<p class="wp-block-paragraph"><strong>Maroc PME</strong> est un établissement public placé sous la tutelle du ministère de l’Industrie et du Commerce, dédié au développement et à la compétitivité des petites et moyennes entreprises au Maroc. L’Agence met en œuvre des programmes d’accompagnement, de conseil et d’assistance technique, ainsi que des soutiens à l’investissement ciblés et sur mesure, générateurs de valeur ajoutée et d’emplois. Elle contribue également au renforcement de l’écosystème entrepreneurial par le développement de dispositifs d’accompagnement et de renforcement des capacités des acteurs locaux, et promeut des partenariats pour soutenir l’initiative entrepreneuriale et le développement des entreprises.</p>



<p class="wp-block-paragraph"></p>
</div>
</div>



<p class="wp-block-paragraph">&nbsp;</p>



<div style="height:30px" aria-hidden="true" class="wp-block-spacer"></div>



<div class="wp-block-columns is-layout-flex wp-container-core-columns-is-layout-8f761849 wp-block-columns-is-layout-flex">
<div class="wp-block-column is-layout-flow wp-block-column-is-layout-flow">
<small>Raison sociale</small><br /><strong>Maroc PME</strong>
</div>



<div class="wp-block-column is-layout-flow wp-block-column-is-layout-flow">
<small>Secteur</small><br /><strong>Gérere &#038; Connecter</strong>



<p class="wp-block-paragraph">&nbsp;</p>
</div>



<div class="wp-block-column is-layout-flow wp-block-column-is-layout-flow">
<small></small><br/>
</div>
</div>



<div class="wp-block-columns is-layout-flex wp-container-core-columns-is-layout-8f761849 wp-block-columns-is-layout-flex">
<div class="wp-block-column is-layout-flow wp-block-column-is-layout-flow">
<small>Contact</small><br /><strong> 06 61 47 98 76                                                                                    </strong>          



<p class="wp-block-paragraph">&nbsp;</p>
</div>



<div class="wp-block-column is-layout-flow wp-block-column-is-layout-flow">
<small>Fonction</small><br /><strong>Chargée de Communication</strong><br /><strong><strong>



<p class="wp-block-paragraph">&nbsp;</p>
</div>



<div class="wp-block-column is-layout-flow wp-block-column-is-layout-flow">
<small>Site web</small><br /><strong>https://marocpme.gov.ma/           <strong>



<p class="wp-block-paragraph">&nbsp;</p>
</div>
</div>



<div class="wp-block-columns is-layout-flex wp-container-core-columns-is-layout-8f761849 wp-block-columns-is-layout-flex">
<div class="wp-block-column is-layout-flow wp-block-column-is-layout-flow">
<small>Téléphone</small><br /><strong>Tél. : 08 02 00 00 05                                                          </strong><br /><strong>     GSM : 08 02 00 00 05 <strong> <br /><strong>Fax : 05 37 57 20 70   <strong>          
</div>



<div class="wp-block-column is-layout-flow wp-block-column-is-layout-flow">
<small>Email</small><br /><strong>marocpme@marocpme.gov.ma<strong>           
</div>



<div class="wp-block-column is-layout-flow wp-block-column-is-layout-flow">
<small>Adresse</small><br /><strong>3 Avenue Annakhil tt 457 Lot 11 Parcelle N° 3 &#8211; Hay Riad – Rabat<strong>
</div>
</div>



<p class="wp-block-paragraph">&nbsp;</p>
