{"id":6486,"date":"2026-04-06T10:27:11","date_gmt":"2026-04-06T08:27:11","guid":{"rendered":"https:\/\/marocotel.org\/?post_type=exposants&#038;p=6486"},"modified":"2026-04-14T17:57:46","modified_gmt":"2026-04-14T15:57:46","slug":"digital-walkers-le-brief","status":"publish","type":"exposants","link":"https:\/\/marocotel.org\/en\/exposants\/digital-walkers-le-brief\/","title":{"rendered":"Digital Walkers ( Le Brief )"},"content":{"rendered":"<figure class=\"wp-block-image size-full is-resized\"><img loading=\"lazy\" decoding=\"async\" width=\"1280\" height=\"355\" src=\"https:\/\/marocotel.org\/wp-content\/uploads\/2026\/04\/LOGO-LE-BRIEF-1.jpg\" alt=\"\" class=\"wp-image-6488\" style=\"aspect-ratio:1.294143135697263;width:244px;height:auto\" srcset=\"https:\/\/marocotel.org\/wp-content\/uploads\/2026\/04\/LOGO-LE-BRIEF-1.jpg 1280w, https:\/\/marocotel.org\/wp-content\/uploads\/2026\/04\/LOGO-LE-BRIEF-1-300x83.jpg 300w, https:\/\/marocotel.org\/wp-content\/uploads\/2026\/04\/LOGO-LE-BRIEF-1-1024x284.jpg 1024w, https:\/\/marocotel.org\/wp-content\/uploads\/2026\/04\/LOGO-LE-BRIEF-1-768x213.jpg 768w, https:\/\/marocotel.org\/wp-content\/uploads\/2026\/04\/LOGO-LE-BRIEF-1-18x5.jpg 18w\" sizes=\"auto, (max-width: 1280px) 100vw, 1280px\" \/><\/figure>\n\n\n\n<p class=\"wp-block-paragraph\">&nbsp;<\/p>\n\n\n\n<div class=\"wp-block-columns is-layout-flex wp-container-core-columns-is-layout-8f761849 wp-block-columns-is-layout-flex\">\n<div class=\"wp-block-column is-layout-flow wp-block-column-is-layout-flow\" style=\"flex-basis:33.33%\"><\/div>\n\n\n\n<div class=\"wp-block-column is-layout-flow wp-block-column-is-layout-flow\" style=\"flex-basis:66.66%\">\n<p class=\"wp-block-paragraph\"><\/p>\n\n\n\n<p class=\"wp-block-paragraph\">Lebrief.ma est un site g\u00e9n\u00e9raliste d\u2019actualit\u00e9s et d\u2019informations au Maroc qui propose les grilles de lecture les plus exhaustives possibles pour comprendre les faits marquants. Chaque jour, un r\u00e9sum\u00e9 synth\u00e9tisant l\u2019actualit\u00e9 nationale et internationale est envoy\u00e9 sous forme de newsletter \u00e0 18h. En plus du flux d\u2019informations sur le site, une revue de la presse arabophone, un dossier du week-end et une newsletter Afrique sont propos\u00e9s aux lecteurs.<\/p>\n<\/div>\n<\/div>\n\n\n\n<div style=\"height:30px\" aria-hidden=\"true\" class=\"wp-block-spacer\"><\/div>\n\n\n\n<div class=\"wp-block-columns is-layout-flex wp-container-core-columns-is-layout-8f761849 wp-block-columns-is-layout-flex\">\n<div class=\"wp-block-column is-layout-flow wp-block-column-is-layout-flow\">\n<small>Raison sociale<\/small><br \/><strong>Digital Walkers ( Le Brief ) <\/strong>\n<\/div>\n\n\n\n<div class=\"wp-block-column is-layout-flow wp-block-column-is-layout-flow\">\n<small>Secteur<\/small><br \/><strong>M\u00e9dia<\/strong>\n\n\n\n<p class=\"wp-block-paragraph\">&nbsp;<\/p>\n<\/div>\n\n\n\n<div class=\"wp-block-column is-layout-flow wp-block-column-is-layout-flow\">\n<small><\/small><br\/>\n<\/div>\n<\/div>\n\n\n\n<div class=\"wp-block-columns is-layout-flex wp-container-core-columns-is-layout-8f761849 wp-block-columns-is-layout-flex\">\n<div class=\"wp-block-column is-layout-flow wp-block-column-is-layout-flow\">\n<small>Contact<\/small><br \/><strong>Anass Hajoui                    <\/strong>\n\n\n\n<p class=\"wp-block-paragraph\">&nbsp;<\/p>\n<\/div>\n\n\n\n<div class=\"wp-block-column is-layout-flow wp-block-column-is-layout-flow\">\n<small>Fonction<\/small><br \/><strong>Directeur G\u00e9n\u00e9ral <\/strong>\n\n\n\n<p class=\"wp-block-paragraph\">&nbsp;<\/p>\n<\/div>\n\n\n\n<div class=\"wp-block-column is-layout-flow wp-block-column-is-layout-flow\">\n<small>Site web<\/small><br \/><strong>lebrief.ma<\/strong>\n\n\n\n<p class=\"wp-block-paragraph\">&nbsp;<\/p>\n<\/div>\n<\/div>\n\n\n\n<div class=\"wp-block-columns is-layout-flex wp-container-core-columns-is-layout-8f761849 wp-block-columns-is-layout-flex\">\n<div class=\"wp-block-column is-layout-flow wp-block-column-is-layout-flow\">\n<small>T\u00e9l\u00e9phone<\/small><br \/><strong>\nT\u00e9l. :   08 08 52 67 39\t                      \t<strong><br \/><strong>GSM :          06 07 687 688                                                                        <strong>\n<\/div>\n\n\n\n<div class=\"wp-block-column is-layout-flow wp-block-column-is-layout-flow\">\n<small>Email<\/small><br \/><strong>contact@lebrief.ma\t <strong>\n<\/div>\n\n\n\n<div class=\"wp-block-column is-layout-flow wp-block-column-is-layout-flow\">\n<small>Adresse<\/small><br \/><strong>13, rue Al Kassar, M\u00e2arif &#8211; Casablanca<strong>\n<\/div>\n<\/div>\n\n\n\n<p class=\"wp-block-paragraph\">&nbsp;<\/p>","protected":false},"featured_media":6487,"menu_order":0,"template":"","meta":{"_acf_changed":false},"categories":[68,72],"class_list":["post-6486","exposants","type-exposants","status-publish","has-post-thumbnail","hentry","category-cuisiner-et-servir","category-nettoyer-et-entretenir"],"acf":[],"_links":{"self":[{"href":"https:\/\/marocotel.org\/en\/wp-json\/wp\/v2\/exposants\/6486","targetHints":{"allow":["GET"]}}],"collection":[{"href":"https:\/\/marocotel.org\/en\/wp-json\/wp\/v2\/exposants"}],"about":[{"href":"https:\/\/marocotel.org\/en\/wp-json\/wp\/v2\/types\/exposants"}],"wp:featuredmedia":[{"embeddable":true,"href":"https:\/\/marocotel.org\/en\/wp-json\/wp\/v2\/media\/6487"}],"wp:attachment":[{"href":"https:\/\/marocotel.org\/en\/wp-json\/wp\/v2\/media?parent=6486"}],"wp:term":[{"taxonomy":"category","embeddable":true,"href":"https:\/\/marocotel.org\/en\/wp-json\/wp\/v2\/categories?post=6486"}],"curies":[{"name":"wp","href":"https:\/\/api.w.org\/{rel}","templated":true}]}}

<figure class="wp-block-image size-full is-resized"><img loading="lazy" decoding="async" width="1280" height="355" src="https://marocotel.org/wp-content/uploads/2026/04/LOGO-LE-BRIEF-1.jpg" alt="" class="wp-image-6488" style="aspect-ratio:1.294143135697263;width:244px;height:auto" srcset="https://marocotel.org/wp-content/uploads/2026/04/LOGO-LE-BRIEF-1.jpg 1280w, https://marocotel.org/wp-content/uploads/2026/04/LOGO-LE-BRIEF-1-300x83.jpg 300w, https://marocotel.org/wp-content/uploads/2026/04/LOGO-LE-BRIEF-1-1024x284.jpg 1024w, https://marocotel.org/wp-content/uploads/2026/04/LOGO-LE-BRIEF-1-768x213.jpg 768w, https://marocotel.org/wp-content/uploads/2026/04/LOGO-LE-BRIEF-1-18x5.jpg 18w" sizes="auto, (max-width: 1280px) 100vw, 1280px" /></figure>



<p class="wp-block-paragraph">&nbsp;</p>



<div class="wp-block-columns is-layout-flex wp-container-core-columns-is-layout-8f761849 wp-block-columns-is-layout-flex">
<div class="wp-block-column is-layout-flow wp-block-column-is-layout-flow" style="flex-basis:33.33%"></div>



<div class="wp-block-column is-layout-flow wp-block-column-is-layout-flow" style="flex-basis:66.66%">
<p class="wp-block-paragraph"></p>



<p class="wp-block-paragraph">Lebrief.ma est un site généraliste d’actualités et d’informations au Maroc qui propose les grilles de lecture les plus exhaustives possibles pour comprendre les faits marquants. Chaque jour, un résumé synthétisant l’actualité nationale et internationale est envoyé sous forme de newsletter à 18h. En plus du flux d’informations sur le site, une revue de la presse arabophone, un dossier du week-end et une newsletter Afrique sont proposés aux lecteurs.</p>
</div>
</div>



<div style="height:30px" aria-hidden="true" class="wp-block-spacer"></div>



<div class="wp-block-columns is-layout-flex wp-container-core-columns-is-layout-8f761849 wp-block-columns-is-layout-flex">
<div class="wp-block-column is-layout-flow wp-block-column-is-layout-flow">
<small>Raison sociale</small><br /><strong>Digital Walkers ( Le Brief ) </strong>
</div>



<div class="wp-block-column is-layout-flow wp-block-column-is-layout-flow">
<small>Secteur</small><br /><strong>Média</strong>



<p class="wp-block-paragraph">&nbsp;</p>
</div>



<div class="wp-block-column is-layout-flow wp-block-column-is-layout-flow">
<small></small><br/>
</div>
</div>



<div class="wp-block-columns is-layout-flex wp-container-core-columns-is-layout-8f761849 wp-block-columns-is-layout-flex">
<div class="wp-block-column is-layout-flow wp-block-column-is-layout-flow">
<small>Contact</small><br /><strong>Anass Hajoui                    </strong>



<p class="wp-block-paragraph">&nbsp;</p>
</div>



<div class="wp-block-column is-layout-flow wp-block-column-is-layout-flow">
<small>Fonction</small><br /><strong>Directeur Général </strong>



<p class="wp-block-paragraph">&nbsp;</p>
</div>



<div class="wp-block-column is-layout-flow wp-block-column-is-layout-flow">
<small>Site web</small><br /><strong>lebrief.ma</strong>



<p class="wp-block-paragraph">&nbsp;</p>
</div>
</div>



<div class="wp-block-columns is-layout-flex wp-container-core-columns-is-layout-8f761849 wp-block-columns-is-layout-flex">
<div class="wp-block-column is-layout-flow wp-block-column-is-layout-flow">
<small>Téléphone</small><br /><strong>
Tél. :   08 08 52 67 39	                      	<strong><br /><strong>GSM :          06 07 687 688                                                                        <strong>
</div>



<div class="wp-block-column is-layout-flow wp-block-column-is-layout-flow">
<small>Email</small><br /><strong>contact@lebrief.ma	 <strong>
</div>



<div class="wp-block-column is-layout-flow wp-block-column-is-layout-flow">
<small>Adresse</small><br /><strong>13, rue Al Kassar, Mâarif &#8211; Casablanca<strong>
</div>
</div>



<p class="wp-block-paragraph">&nbsp;</p>
