{"id":6299,"date":"2026-04-02T07:53:22","date_gmt":"2026-04-02T05:53:22","guid":{"rendered":"https:\/\/marocotel.org\/?post_type=exposants&#038;p=6299"},"modified":"2026-04-14T17:38:50","modified_gmt":"2026-04-14T15:38:50","slug":"emes-agencement","status":"publish","type":"exposants","link":"https:\/\/marocotel.org\/en\/exposants\/emes-agencement\/","title":{"rendered":"EMES AGENCEMENT"},"content":{"rendered":"<figure class=\"wp-block-image size-full is-resized\"><img loading=\"lazy\" decoding=\"async\" width=\"2560\" height=\"2560\" src=\"https:\/\/marocotel.org\/wp-content\/uploads\/2026\/04\/Emes-agencement-scaled.png\" alt=\"\" class=\"wp-image-6630\" style=\"width:258px;height:auto\" srcset=\"https:\/\/marocotel.org\/wp-content\/uploads\/2026\/04\/Emes-agencement-scaled.png 2560w, https:\/\/marocotel.org\/wp-content\/uploads\/2026\/04\/Emes-agencement-300x300.png 300w, https:\/\/marocotel.org\/wp-content\/uploads\/2026\/04\/Emes-agencement-1024x1024.png 1024w, https:\/\/marocotel.org\/wp-content\/uploads\/2026\/04\/Emes-agencement-150x150.png 150w, https:\/\/marocotel.org\/wp-content\/uploads\/2026\/04\/Emes-agencement-768x768.png 768w, https:\/\/marocotel.org\/wp-content\/uploads\/2026\/04\/Emes-agencement-1536x1536.png 1536w, https:\/\/marocotel.org\/wp-content\/uploads\/2026\/04\/Emes-agencement-2048x2048.png 2048w, https:\/\/marocotel.org\/wp-content\/uploads\/2026\/04\/Emes-agencement-12x12.png 12w, https:\/\/marocotel.org\/wp-content\/uploads\/2026\/04\/Emes-agencement-370x370.png 370w, https:\/\/marocotel.org\/wp-content\/uploads\/2026\/04\/Emes-agencement-170x170.png 170w\" sizes=\"auto, (max-width: 2560px) 100vw, 2560px\" \/><\/figure>\n\n\n\n<p class=\"wp-block-paragraph\">&nbsp;<\/p>\n\n\n\n<div class=\"wp-block-columns is-layout-flex wp-container-core-columns-is-layout-8f761849 wp-block-columns-is-layout-flex\">\n<div class=\"wp-block-column is-layout-flow wp-block-column-is-layout-flow\" style=\"flex-basis:33.33%\"><\/div>\n\n\n\n<div class=\"wp-block-column is-layout-flow wp-block-column-is-layout-flow\" style=\"flex-basis:66.66%\">\n<p class=\"wp-block-paragraph\">EMES Agencement est sp\u00e9cialis\u00e9e dans l\u2019agencement h\u00f4telier haut de gamme. Elle s\u2019appuie sur un r\u00e9seau international de partenaires pour offrir des solutions sur mesure, alliant design, qualit\u00e9 et respect des d\u00e9lais. Elle intervient sur des projets h\u00f4teliers d\u2019envergure comme, Eagle Hills, Story Caroussel de Rabat, Hilton pour ne citer que quelques-uns de nos partenaires qui nous ont fait confiance .<\/p>\n\n\n\n<p class=\"wp-block-paragraph\">\u00ab\u00a0<\/p>\n\n\n\n<p class=\"wp-block-paragraph\"><\/p>\n<\/div>\n<\/div>\n\n\n\n<div style=\"height:30px\" aria-hidden=\"true\" class=\"wp-block-spacer\"><\/div>\n\n\n\n<div class=\"wp-block-columns is-layout-flex wp-container-core-columns-is-layout-8f761849 wp-block-columns-is-layout-flex\">\n<div class=\"wp-block-column is-layout-flow wp-block-column-is-layout-flow\">\n<small>Raison sociale<\/small><br \/><strong>EMES AGENCEMENT<\/strong>\n<\/div>\n\n\n\n<div class=\"wp-block-column is-layout-flow wp-block-column-is-layout-flow\">\n<small>Secteur<\/small><br \/><strong>Concevoir &#038; D\u00e9corer\n<\/strong>\n\n\n\n<p class=\"wp-block-paragraph\">&nbsp;<\/p>\n<\/div>\n\n\n\n<div class=\"wp-block-column is-layout-flow wp-block-column-is-layout-flow\">\n<small><\/small><br\/>\n<\/div>\n<\/div>\n\n\n\n<div class=\"wp-block-columns is-layout-flex wp-container-core-columns-is-layout-8f761849 wp-block-columns-is-layout-flex\">\n<div class=\"wp-block-column is-layout-flow wp-block-column-is-layout-flow\">\n<small>Contact<\/small><br \/><strong>Mr MEHDI Samir\n<\/strong>\n\n\n\n<p class=\"wp-block-paragraph\">&nbsp;<\/p>\n<\/div>\n\n\n\n<div class=\"wp-block-column is-layout-flow wp-block-column-is-layout-flow\">\n<small>Fonction<\/small><br \/><strong>g\u00e9rant\n <strong>\n\n\n\n<p class=\"wp-block-paragraph\">&nbsp;<\/p>\n<\/div>\n\n\n\n<div class=\"wp-block-column is-layout-flow wp-block-column-is-layout-flow\">\n<small>Site web<\/small><br \/><strong>www.emesagencement.com\n<\/strong>\n\n\n\n<p class=\"wp-block-paragraph\">&nbsp;<\/p>\n<\/div>\n<\/div>\n\n\n\n<div class=\"wp-block-columns is-layout-flex wp-container-core-columns-is-layout-8f761849 wp-block-columns-is-layout-flex\">\n<div class=\"wp-block-column is-layout-flow wp-block-column-is-layout-flow\">\n<small>T\u00e9l\u00e9phone<\/small><br \/><strong>T\u00e9l: 0522944270 <\/strong>   GSM 0660549163<strong>\n<\/div>\n\n\n\n<div class=\"wp-block-column is-layout-flow wp-block-column-is-layout-flow\">\n<small>Email<\/small><br \/><strong>www.emesagencement.com\n<\/strong>\n<\/div>\n\n\n\n<div class=\"wp-block-column is-layout-flow wp-block-column-is-layout-flow\">\n<small>Adresse<\/small><br \/><strong>48, RUE IBEL AZOURKI RDC IMM F CIL SQUARE, CASABLANCA\n<\/strong>\n<\/div>\n<\/div>\n\n\n\n<p class=\"wp-block-paragraph\">&nbsp;<\/p>","protected":false},"featured_media":6630,"menu_order":0,"template":"","meta":{"_acf_changed":true},"categories":[71,70],"class_list":["post-6299","exposants","type-exposants","status-publish","has-post-thumbnail","hentry","category-accueillir-et-relaxer","category-gerer-et-connecter"],"acf":[],"_links":{"self":[{"href":"https:\/\/marocotel.org\/en\/wp-json\/wp\/v2\/exposants\/6299","targetHints":{"allow":["GET"]}}],"collection":[{"href":"https:\/\/marocotel.org\/en\/wp-json\/wp\/v2\/exposants"}],"about":[{"href":"https:\/\/marocotel.org\/en\/wp-json\/wp\/v2\/types\/exposants"}],"wp:featuredmedia":[{"embeddable":true,"href":"https:\/\/marocotel.org\/en\/wp-json\/wp\/v2\/media\/6630"}],"wp:attachment":[{"href":"https:\/\/marocotel.org\/en\/wp-json\/wp\/v2\/media?parent=6299"}],"wp:term":[{"taxonomy":"category","embeddable":true,"href":"https:\/\/marocotel.org\/en\/wp-json\/wp\/v2\/categories?post=6299"}],"curies":[{"name":"wp","href":"https:\/\/api.w.org\/{rel}","templated":true}]}}

<figure class="wp-block-image size-full is-resized"><img loading="lazy" decoding="async" width="2560" height="2560" src="https://marocotel.org/wp-content/uploads/2026/04/Emes-agencement-scaled.png" alt="" class="wp-image-6630" style="width:258px;height:auto" srcset="https://marocotel.org/wp-content/uploads/2026/04/Emes-agencement-scaled.png 2560w, https://marocotel.org/wp-content/uploads/2026/04/Emes-agencement-300x300.png 300w, https://marocotel.org/wp-content/uploads/2026/04/Emes-agencement-1024x1024.png 1024w, https://marocotel.org/wp-content/uploads/2026/04/Emes-agencement-150x150.png 150w, https://marocotel.org/wp-content/uploads/2026/04/Emes-agencement-768x768.png 768w, https://marocotel.org/wp-content/uploads/2026/04/Emes-agencement-1536x1536.png 1536w, https://marocotel.org/wp-content/uploads/2026/04/Emes-agencement-2048x2048.png 2048w, https://marocotel.org/wp-content/uploads/2026/04/Emes-agencement-12x12.png 12w, https://marocotel.org/wp-content/uploads/2026/04/Emes-agencement-370x370.png 370w, https://marocotel.org/wp-content/uploads/2026/04/Emes-agencement-170x170.png 170w" sizes="auto, (max-width: 2560px) 100vw, 2560px" /></figure>



<p class="wp-block-paragraph">&nbsp;</p>



<div class="wp-block-columns is-layout-flex wp-container-core-columns-is-layout-8f761849 wp-block-columns-is-layout-flex">
<div class="wp-block-column is-layout-flow wp-block-column-is-layout-flow" style="flex-basis:33.33%"></div>



<div class="wp-block-column is-layout-flow wp-block-column-is-layout-flow" style="flex-basis:66.66%">
<p class="wp-block-paragraph">EMES Agencement est spécialisée dans l’agencement hôtelier haut de gamme. Elle s’appuie sur un réseau international de partenaires pour offrir des solutions sur mesure, alliant design, qualité et respect des délais. Elle intervient sur des projets hôteliers d’envergure comme, Eagle Hills, Story Caroussel de Rabat, Hilton pour ne citer que quelques-uns de nos partenaires qui nous ont fait confiance .</p>



<p class="wp-block-paragraph">« </p>



<p class="wp-block-paragraph"></p>
</div>
</div>



<div style="height:30px" aria-hidden="true" class="wp-block-spacer"></div>



<div class="wp-block-columns is-layout-flex wp-container-core-columns-is-layout-8f761849 wp-block-columns-is-layout-flex">
<div class="wp-block-column is-layout-flow wp-block-column-is-layout-flow">
<small>Raison sociale</small><br /><strong>EMES AGENCEMENT</strong>
</div>



<div class="wp-block-column is-layout-flow wp-block-column-is-layout-flow">
<small>Secteur</small><br /><strong>Concevoir &#038; Décorer
</strong>



<p class="wp-block-paragraph">&nbsp;</p>
</div>



<div class="wp-block-column is-layout-flow wp-block-column-is-layout-flow">
<small></small><br/>
</div>
</div>



<div class="wp-block-columns is-layout-flex wp-container-core-columns-is-layout-8f761849 wp-block-columns-is-layout-flex">
<div class="wp-block-column is-layout-flow wp-block-column-is-layout-flow">
<small>Contact</small><br /><strong>Mr MEHDI Samir
</strong>



<p class="wp-block-paragraph">&nbsp;</p>
</div>



<div class="wp-block-column is-layout-flow wp-block-column-is-layout-flow">
<small>Fonction</small><br /><strong>gérant
 <strong>



<p class="wp-block-paragraph">&nbsp;</p>
</div>



<div class="wp-block-column is-layout-flow wp-block-column-is-layout-flow">
<small>Site web</small><br /><strong>www.emesagencement.com
</strong>



<p class="wp-block-paragraph">&nbsp;</p>
</div>
</div>



<div class="wp-block-columns is-layout-flex wp-container-core-columns-is-layout-8f761849 wp-block-columns-is-layout-flex">
<div class="wp-block-column is-layout-flow wp-block-column-is-layout-flow">
<small>Téléphone</small><br /><strong>Tél: 0522944270 </strong>   GSM 0660549163<strong>
</div>



<div class="wp-block-column is-layout-flow wp-block-column-is-layout-flow">
<small>Email</small><br /><strong>www.emesagencement.com
</strong>
</div>



<div class="wp-block-column is-layout-flow wp-block-column-is-layout-flow">
<small>Adresse</small><br /><strong>48, RUE IBEL AZOURKI RDC IMM F CIL SQUARE, CASABLANCA
</strong>
</div>
</div>



<p class="wp-block-paragraph">&nbsp;</p>
