{"id":6084,"date":"2026-03-26T22:57:55","date_gmt":"2026-03-26T21:57:55","guid":{"rendered":"https:\/\/marocotel.org\/?post_type=exposants&#038;p=6084"},"modified":"2026-04-14T15:56:31","modified_gmt":"2026-04-14T13:56:31","slug":"zicaffe","status":"publish","type":"exposants","link":"https:\/\/marocotel.org\/en\/exposants\/zicaffe\/","title":{"rendered":"ZICAFFE"},"content":{"rendered":"<figure class=\"wp-block-image size-large is-resized\"><img loading=\"lazy\" decoding=\"async\" width=\"800\" height=\"1024\" src=\"https:\/\/marocotel.org\/wp-content\/uploads\/2026\/03\/zicaffe-hjlogo-800x1024.png\" alt=\"\" class=\"wp-image-6614\" style=\"aspect-ratio:0.7812692816218598;width:148px;height:auto\" srcset=\"https:\/\/marocotel.org\/wp-content\/uploads\/2026\/03\/zicaffe-hjlogo-800x1024.png 800w, https:\/\/marocotel.org\/wp-content\/uploads\/2026\/03\/zicaffe-hjlogo-235x300.png 235w, https:\/\/marocotel.org\/wp-content\/uploads\/2026\/03\/zicaffe-hjlogo-768x983.png 768w, https:\/\/marocotel.org\/wp-content\/uploads\/2026\/03\/zicaffe-hjlogo-1201x1536.png 1201w, https:\/\/marocotel.org\/wp-content\/uploads\/2026\/03\/zicaffe-hjlogo-1601x2048.png 1601w, https:\/\/marocotel.org\/wp-content\/uploads\/2026\/03\/zicaffe-hjlogo-9x12.png 9w, https:\/\/marocotel.org\/wp-content\/uploads\/2026\/03\/zicaffe-hjlogo-scaled.png 2001w\" sizes=\"auto, (max-width: 800px) 100vw, 800px\" \/><\/figure>\n\n\n\n<p class=\"wp-block-paragraph\">&nbsp;<\/p>\n\n\n\n<div class=\"wp-block-columns is-layout-flex wp-container-core-columns-is-layout-8f761849 wp-block-columns-is-layout-flex\">\n<div class=\"wp-block-column is-layout-flow wp-block-column-is-layout-flow\" style=\"flex-basis:33.33%\"><\/div>\n\n\n\n<div class=\"wp-block-column is-layout-flow wp-block-column-is-layout-flow\" style=\"flex-basis:66.66%\">\n<p class=\"wp-block-paragraph\">Zicaff\u00e8 avec plus de 90 ans de tradition, est une torr\u00e9faction italienne qui produit des m\u00e9langes de caf\u00e9 de haute qualit\u00e9 et les distribue en Italie et dans le monde entier. Fond\u00e9e \u00e0 Marsala en 1929 par Vito Zichittella, l&rsquo;entreprise familiale est d\u00e9sormais dirig\u00e9e par la quatri\u00e8me g\u00e9n\u00e9ration, avec la m\u00eame passion qui animait son fondateur<\/p>\n\n\n\n<p class=\"wp-block-paragraph\"><\/p>\n\n\n\n<p class=\"wp-block-paragraph\"><\/p>\n<\/div>\n<\/div>\n\n\n\n<div style=\"height:30px\" aria-hidden=\"true\" class=\"wp-block-spacer\"><\/div>\n\n\n\n<div class=\"wp-block-columns is-layout-flex wp-container-core-columns-is-layout-8f761849 wp-block-columns-is-layout-flex\">\n<div class=\"wp-block-column is-layout-flow wp-block-column-is-layout-flow\">\n<small>Raison sociale<\/small><br \/><strong>Zicaff\u00e8<\/strong>\n<\/div>\n\n\n\n<div class=\"wp-block-column is-layout-flow wp-block-column-is-layout-flow\">\n<small>Secteur<\/small><br \/><strong>Cuisiner &#038; Servir<\/strong>\n\n\n\n<p class=\"wp-block-paragraph\">&nbsp;<\/p>\n<\/div>\n\n\n\n<div class=\"wp-block-column is-layout-flow wp-block-column-is-layout-flow\">\n<small><\/small><br\/>\n<\/div>\n<\/div>\n\n\n\n<div class=\"wp-block-columns is-layout-flex wp-container-core-columns-is-layout-8f761849 wp-block-columns-is-layout-flex\">\n<div class=\"wp-block-column is-layout-flow wp-block-column-is-layout-flow\">\n<small>Contact<\/small><br \/><strong>Mr Hassan Bali<\/strong>\n\n\n\n<p class=\"wp-block-paragraph\">&nbsp;<\/p>\n<\/div>\n\n\n\n<div class=\"wp-block-column is-layout-flow wp-block-column-is-layout-flow\">\n<small>Fonction<\/small><br \/><strong>Directeur des op\u00e9rations et de d\u00e9veloppement<\/strong>\n\n\n\n<p class=\"wp-block-paragraph\">&nbsp;<\/p>\n<\/div>\n\n\n\n<div class=\"wp-block-column is-layout-flow wp-block-column-is-layout-flow\">\n<small>Site web<\/small><br \/><strong>www.zicaffe.ma<\/strong>\n\n\n\n<p class=\"wp-block-paragraph\">&nbsp;<\/p>\n<\/div>\n<\/div>\n\n\n\n<div class=\"wp-block-columns is-layout-flex wp-container-core-columns-is-layout-8f761849 wp-block-columns-is-layout-flex\">\n<div class=\"wp-block-column is-layout-flow wp-block-column-is-layout-flow\">\n<small>T\u00e9l\u00e9phone<\/small><br \/><strong>T\u00e9l. : 0522890548<br \/>GSM : 0666-135341<br \/>Fax : 0522-93-59-72<\/strong>\n<\/div>\n\n\n\n<div class=\"wp-block-column is-layout-flow wp-block-column-is-layout-flow\">\n<small>Email<\/small><br \/><strong>Contact@aleafood.com<\/strong>\n<\/div>\n\n\n\n<div class=\"wp-block-column is-layout-flow wp-block-column-is-layout-flow\">\n<small>Adresse<\/small><br \/><strong><\/strong>\n<\/div>\n<\/div>\n\n\n\n<p class=\"wp-block-paragraph\">&nbsp;<\/p>\n\n\n\n<p class=\"wp-block-paragraph\"><\/p>","protected":false},"featured_media":6614,"menu_order":0,"template":"","meta":{"_acf_changed":false},"categories":[68],"class_list":["post-6084","exposants","type-exposants","status-publish","has-post-thumbnail","hentry","category-cuisiner-et-servir"],"acf":[],"_links":{"self":[{"href":"https:\/\/marocotel.org\/en\/wp-json\/wp\/v2\/exposants\/6084","targetHints":{"allow":["GET"]}}],"collection":[{"href":"https:\/\/marocotel.org\/en\/wp-json\/wp\/v2\/exposants"}],"about":[{"href":"https:\/\/marocotel.org\/en\/wp-json\/wp\/v2\/types\/exposants"}],"wp:featuredmedia":[{"embeddable":true,"href":"https:\/\/marocotel.org\/en\/wp-json\/wp\/v2\/media\/6614"}],"wp:attachment":[{"href":"https:\/\/marocotel.org\/en\/wp-json\/wp\/v2\/media?parent=6084"}],"wp:term":[{"taxonomy":"category","embeddable":true,"href":"https:\/\/marocotel.org\/en\/wp-json\/wp\/v2\/categories?post=6084"}],"curies":[{"name":"wp","href":"https:\/\/api.w.org\/{rel}","templated":true}]}}

<figure class="wp-block-image size-large is-resized"><img loading="lazy" decoding="async" width="800" height="1024" src="https://marocotel.org/wp-content/uploads/2026/03/zicaffe-hjlogo-800x1024.png" alt="" class="wp-image-6614" style="aspect-ratio:0.7812692816218598;width:148px;height:auto" srcset="https://marocotel.org/wp-content/uploads/2026/03/zicaffe-hjlogo-800x1024.png 800w, https://marocotel.org/wp-content/uploads/2026/03/zicaffe-hjlogo-235x300.png 235w, https://marocotel.org/wp-content/uploads/2026/03/zicaffe-hjlogo-768x983.png 768w, https://marocotel.org/wp-content/uploads/2026/03/zicaffe-hjlogo-1201x1536.png 1201w, https://marocotel.org/wp-content/uploads/2026/03/zicaffe-hjlogo-1601x2048.png 1601w, https://marocotel.org/wp-content/uploads/2026/03/zicaffe-hjlogo-9x12.png 9w, https://marocotel.org/wp-content/uploads/2026/03/zicaffe-hjlogo-scaled.png 2001w" sizes="auto, (max-width: 800px) 100vw, 800px" /></figure>



<p class="wp-block-paragraph">&nbsp;</p>



<div class="wp-block-columns is-layout-flex wp-container-core-columns-is-layout-8f761849 wp-block-columns-is-layout-flex">
<div class="wp-block-column is-layout-flow wp-block-column-is-layout-flow" style="flex-basis:33.33%"></div>



<div class="wp-block-column is-layout-flow wp-block-column-is-layout-flow" style="flex-basis:66.66%">
<p class="wp-block-paragraph">Zicaffè avec plus de 90 ans de tradition, est une torréfaction italienne qui produit des mélanges de café de haute qualité et les distribue en Italie et dans le monde entier. Fondée à Marsala en 1929 par Vito Zichittella, l&rsquo;entreprise familiale est désormais dirigée par la quatrième génération, avec la même passion qui animait son fondateur</p>



<p class="wp-block-paragraph"></p>



<p class="wp-block-paragraph"></p>
</div>
</div>



<div style="height:30px" aria-hidden="true" class="wp-block-spacer"></div>



<div class="wp-block-columns is-layout-flex wp-container-core-columns-is-layout-8f761849 wp-block-columns-is-layout-flex">
<div class="wp-block-column is-layout-flow wp-block-column-is-layout-flow">
<small>Raison sociale</small><br /><strong>Zicaffè</strong>
</div>



<div class="wp-block-column is-layout-flow wp-block-column-is-layout-flow">
<small>Secteur</small><br /><strong>Cuisiner &#038; Servir</strong>



<p class="wp-block-paragraph">&nbsp;</p>
</div>



<div class="wp-block-column is-layout-flow wp-block-column-is-layout-flow">
<small></small><br/>
</div>
</div>



<div class="wp-block-columns is-layout-flex wp-container-core-columns-is-layout-8f761849 wp-block-columns-is-layout-flex">
<div class="wp-block-column is-layout-flow wp-block-column-is-layout-flow">
<small>Contact</small><br /><strong>Mr Hassan Bali</strong>



<p class="wp-block-paragraph">&nbsp;</p>
</div>



<div class="wp-block-column is-layout-flow wp-block-column-is-layout-flow">
<small>Fonction</small><br /><strong>Directeur des opérations et de développement</strong>



<p class="wp-block-paragraph">&nbsp;</p>
</div>



<div class="wp-block-column is-layout-flow wp-block-column-is-layout-flow">
<small>Site web</small><br /><strong>www.zicaffe.ma</strong>



<p class="wp-block-paragraph">&nbsp;</p>
</div>
</div>



<div class="wp-block-columns is-layout-flex wp-container-core-columns-is-layout-8f761849 wp-block-columns-is-layout-flex">
<div class="wp-block-column is-layout-flow wp-block-column-is-layout-flow">
<small>Téléphone</small><br /><strong>Tél. : 0522890548<br />GSM : 0666-135341<br />Fax : 0522-93-59-72</strong>
</div>



<div class="wp-block-column is-layout-flow wp-block-column-is-layout-flow">
<small>Email</small><br /><strong>Contact@aleafood.com</strong>
</div>



<div class="wp-block-column is-layout-flow wp-block-column-is-layout-flow">
<small>Adresse</small><br /><strong></strong>
</div>
</div>



<p class="wp-block-paragraph">&nbsp;</p>



<p class="wp-block-paragraph"></p>
