{"id":6082,"date":"2026-03-26T22:55:05","date_gmt":"2026-03-26T21:55:05","guid":{"rendered":"https:\/\/marocotel.org\/?post_type=exposants&#038;p=6082"},"modified":"2026-04-10T12:16:26","modified_gmt":"2026-04-10T10:16:26","slug":"alea-food-la-varenne-2","status":"publish","type":"exposants","link":"https:\/\/marocotel.org\/en\/exposants\/alea-food-la-varenne-2\/","title":{"rendered":"ALEA FOOD (LA VARENNE)"},"content":{"rendered":"<p class=\"wp-block-paragraph\">&nbsp;<\/p>\n\n\n\n<figure class=\"wp-block-image size-large is-resized\"><img loading=\"lazy\" decoding=\"async\" width=\"1024\" height=\"1024\" src=\"https:\/\/marocotel.org\/wp-content\/uploads\/2026\/03\/LA-VARENNE-LOGO-VR-AI-300-2-1024x1024.png\" alt=\"\" class=\"wp-image-6534\" style=\"width:315px;height:auto\" srcset=\"https:\/\/marocotel.org\/wp-content\/uploads\/2026\/03\/LA-VARENNE-LOGO-VR-AI-300-2-1024x1024.png 1024w, https:\/\/marocotel.org\/wp-content\/uploads\/2026\/03\/LA-VARENNE-LOGO-VR-AI-300-2-300x300.png 300w, https:\/\/marocotel.org\/wp-content\/uploads\/2026\/03\/LA-VARENNE-LOGO-VR-AI-300-2-150x150.png 150w, https:\/\/marocotel.org\/wp-content\/uploads\/2026\/03\/LA-VARENNE-LOGO-VR-AI-300-2-768x768.png 768w, https:\/\/marocotel.org\/wp-content\/uploads\/2026\/03\/LA-VARENNE-LOGO-VR-AI-300-2-1536x1536.png 1536w, https:\/\/marocotel.org\/wp-content\/uploads\/2026\/03\/LA-VARENNE-LOGO-VR-AI-300-2-2048x2048.png 2048w, https:\/\/marocotel.org\/wp-content\/uploads\/2026\/03\/LA-VARENNE-LOGO-VR-AI-300-2-12x12.png 12w, https:\/\/marocotel.org\/wp-content\/uploads\/2026\/03\/LA-VARENNE-LOGO-VR-AI-300-2-370x370.png 370w, https:\/\/marocotel.org\/wp-content\/uploads\/2026\/03\/LA-VARENNE-LOGO-VR-AI-300-2-170x170.png 170w\" sizes=\"auto, (max-width: 1024px) 100vw, 1024px\" \/><\/figure>\n\n\n\n<div class=\"wp-block-columns is-layout-flex wp-container-core-columns-is-layout-8f761849 wp-block-columns-is-layout-flex\">\n<div class=\"wp-block-column is-layout-flow wp-block-column-is-layout-flow\" style=\"flex-basis:33.33%\"><\/div>\n\n\n\n<div class=\"wp-block-column is-layout-flow wp-block-column-is-layout-flow\" style=\"flex-basis:66.66%\">\n<p class=\"wp-block-paragraph\">Alea Food (La Varenne) est une entreprise familiale marocaine fond\u00e9e en 2007, sp\u00e9cialis\u00e9e dans l&rsquo;importation, la torr\u00e9faction et la distribution de caf\u00e9. Repr\u00e9sentant des marques internationales en exclusivit\u00e9 ainsi que ses propres labels, elle d\u00e9veloppe un \u00e9cosyst\u00e8me complet autour du caf\u00e9, incluant \u00e9quipements sur-mesure et programmes de formation barista pour les professionnels.<\/p>\n\n\n\n<p class=\"wp-block-paragraph\"><\/p>\n\n\n\n<p class=\"wp-block-paragraph\"><\/p>\n<\/div>\n<\/div>\n\n\n\n<div style=\"height:30px\" aria-hidden=\"true\" class=\"wp-block-spacer\"><\/div>\n\n\n\n<div class=\"wp-block-columns is-layout-flex wp-container-core-columns-is-layout-8f761849 wp-block-columns-is-layout-flex\">\n<div class=\"wp-block-column is-layout-flow wp-block-column-is-layout-flow\">\n<small>Raison sociale<\/small><br \/><strong>La Varenne<\/strong>\n<\/div>\n\n\n\n<div class=\"wp-block-column is-layout-flow wp-block-column-is-layout-flow\">\n<small>Secteur<\/small><br \/><strong>Cuisiner &#038; Servir<\/strong>\n\n\n\n<p class=\"wp-block-paragraph\">&nbsp;<\/p>\n<\/div>\n\n\n\n<div class=\"wp-block-column is-layout-flow wp-block-column-is-layout-flow\">\n<small><\/small><br\/>\n<\/div>\n<\/div>\n\n\n\n<div class=\"wp-block-columns is-layout-flex wp-container-core-columns-is-layout-8f761849 wp-block-columns-is-layout-flex\">\n<div class=\"wp-block-column is-layout-flow wp-block-column-is-layout-flow\">\n<small>Contact<\/small><br \/><strong>Mr Hassan Bali<\/strong>\n\n\n\n<p class=\"wp-block-paragraph\">&nbsp;<\/p>\n<\/div>\n\n\n\n<div class=\"wp-block-column is-layout-flow wp-block-column-is-layout-flow\">\n<small>Fonction<\/small><br \/><strong>Directeur des op\u00e9rations et de d\u00e9veloppement<\/strong>\n\n\n\n<p class=\"wp-block-paragraph\">&nbsp;<\/p>\n<\/div>\n\n\n\n<div class=\"wp-block-column is-layout-flow wp-block-column-is-layout-flow\">\n<small>Site web<\/small><br \/><strong>www.cafeslavarenne.com<\/strong>\n\n\n\n<p class=\"wp-block-paragraph\">&nbsp;<\/p>\n<\/div>\n<\/div>\n\n\n\n<div class=\"wp-block-columns is-layout-flex wp-container-core-columns-is-layout-8f761849 wp-block-columns-is-layout-flex\">\n<div class=\"wp-block-column is-layout-flow wp-block-column-is-layout-flow\">\n<small>T\u00e9l\u00e9phone<\/small><br \/><strong>T\u00e9l. : 0522890548<br \/>GSM : 0666-135341<br \/>Fax : 0522-93-59-72<\/strong>\n<\/div>\n\n\n\n<div class=\"wp-block-column is-layout-flow wp-block-column-is-layout-flow\">\n<small>Email<\/small><br \/><strong>Contact@aleafood.com<\/strong>\n<\/div>\n\n\n\n<div class=\"wp-block-column is-layout-flow wp-block-column-is-layout-flow\">\n<small>Adresse<\/small><br \/><strong><\/strong>\n<\/div>\n<\/div>\n\n\n\n<p class=\"wp-block-paragraph\">&nbsp;<\/p>\n\n\n\n<p class=\"wp-block-paragraph\"><\/p>","protected":false},"featured_media":6531,"menu_order":0,"template":"","meta":{"_acf_changed":false},"categories":[68],"class_list":["post-6082","exposants","type-exposants","status-publish","has-post-thumbnail","hentry","category-cuisiner-et-servir"],"acf":[],"_links":{"self":[{"href":"https:\/\/marocotel.org\/en\/wp-json\/wp\/v2\/exposants\/6082","targetHints":{"allow":["GET"]}}],"collection":[{"href":"https:\/\/marocotel.org\/en\/wp-json\/wp\/v2\/exposants"}],"about":[{"href":"https:\/\/marocotel.org\/en\/wp-json\/wp\/v2\/types\/exposants"}],"wp:featuredmedia":[{"embeddable":true,"href":"https:\/\/marocotel.org\/en\/wp-json\/wp\/v2\/media\/6531"}],"wp:attachment":[{"href":"https:\/\/marocotel.org\/en\/wp-json\/wp\/v2\/media?parent=6082"}],"wp:term":[{"taxonomy":"category","embeddable":true,"href":"https:\/\/marocotel.org\/en\/wp-json\/wp\/v2\/categories?post=6082"}],"curies":[{"name":"wp","href":"https:\/\/api.w.org\/{rel}","templated":true}]}}

<p class="wp-block-paragraph">&nbsp;</p>



<figure class="wp-block-image size-large is-resized"><img loading="lazy" decoding="async" width="1024" height="1024" src="https://marocotel.org/wp-content/uploads/2026/03/LA-VARENNE-LOGO-VR-AI-300-2-1024x1024.png" alt="" class="wp-image-6534" style="width:315px;height:auto" srcset="https://marocotel.org/wp-content/uploads/2026/03/LA-VARENNE-LOGO-VR-AI-300-2-1024x1024.png 1024w, https://marocotel.org/wp-content/uploads/2026/03/LA-VARENNE-LOGO-VR-AI-300-2-300x300.png 300w, https://marocotel.org/wp-content/uploads/2026/03/LA-VARENNE-LOGO-VR-AI-300-2-150x150.png 150w, https://marocotel.org/wp-content/uploads/2026/03/LA-VARENNE-LOGO-VR-AI-300-2-768x768.png 768w, https://marocotel.org/wp-content/uploads/2026/03/LA-VARENNE-LOGO-VR-AI-300-2-1536x1536.png 1536w, https://marocotel.org/wp-content/uploads/2026/03/LA-VARENNE-LOGO-VR-AI-300-2-2048x2048.png 2048w, https://marocotel.org/wp-content/uploads/2026/03/LA-VARENNE-LOGO-VR-AI-300-2-12x12.png 12w, https://marocotel.org/wp-content/uploads/2026/03/LA-VARENNE-LOGO-VR-AI-300-2-370x370.png 370w, https://marocotel.org/wp-content/uploads/2026/03/LA-VARENNE-LOGO-VR-AI-300-2-170x170.png 170w" sizes="auto, (max-width: 1024px) 100vw, 1024px" /></figure>



<div class="wp-block-columns is-layout-flex wp-container-core-columns-is-layout-8f761849 wp-block-columns-is-layout-flex">
<div class="wp-block-column is-layout-flow wp-block-column-is-layout-flow" style="flex-basis:33.33%"></div>



<div class="wp-block-column is-layout-flow wp-block-column-is-layout-flow" style="flex-basis:66.66%">
<p class="wp-block-paragraph">Alea Food (La Varenne) est une entreprise familiale marocaine fondée en 2007, spécialisée dans l&rsquo;importation, la torréfaction et la distribution de café. Représentant des marques internationales en exclusivité ainsi que ses propres labels, elle développe un écosystème complet autour du café, incluant équipements sur-mesure et programmes de formation barista pour les professionnels.</p>



<p class="wp-block-paragraph"></p>



<p class="wp-block-paragraph"></p>
</div>
</div>



<div style="height:30px" aria-hidden="true" class="wp-block-spacer"></div>



<div class="wp-block-columns is-layout-flex wp-container-core-columns-is-layout-8f761849 wp-block-columns-is-layout-flex">
<div class="wp-block-column is-layout-flow wp-block-column-is-layout-flow">
<small>Raison sociale</small><br /><strong>La Varenne</strong>
</div>



<div class="wp-block-column is-layout-flow wp-block-column-is-layout-flow">
<small>Secteur</small><br /><strong>Cuisiner &#038; Servir</strong>



<p class="wp-block-paragraph">&nbsp;</p>
</div>



<div class="wp-block-column is-layout-flow wp-block-column-is-layout-flow">
<small></small><br/>
</div>
</div>



<div class="wp-block-columns is-layout-flex wp-container-core-columns-is-layout-8f761849 wp-block-columns-is-layout-flex">
<div class="wp-block-column is-layout-flow wp-block-column-is-layout-flow">
<small>Contact</small><br /><strong>Mr Hassan Bali</strong>



<p class="wp-block-paragraph">&nbsp;</p>
</div>



<div class="wp-block-column is-layout-flow wp-block-column-is-layout-flow">
<small>Fonction</small><br /><strong>Directeur des opérations et de développement</strong>



<p class="wp-block-paragraph">&nbsp;</p>
</div>



<div class="wp-block-column is-layout-flow wp-block-column-is-layout-flow">
<small>Site web</small><br /><strong>www.cafeslavarenne.com</strong>



<p class="wp-block-paragraph">&nbsp;</p>
</div>
</div>



<div class="wp-block-columns is-layout-flex wp-container-core-columns-is-layout-8f761849 wp-block-columns-is-layout-flex">
<div class="wp-block-column is-layout-flow wp-block-column-is-layout-flow">
<small>Téléphone</small><br /><strong>Tél. : 0522890548<br />GSM : 0666-135341<br />Fax : 0522-93-59-72</strong>
</div>



<div class="wp-block-column is-layout-flow wp-block-column-is-layout-flow">
<small>Email</small><br /><strong>Contact@aleafood.com</strong>
</div>



<div class="wp-block-column is-layout-flow wp-block-column-is-layout-flow">
<small>Adresse</small><br /><strong></strong>
</div>
</div>



<p class="wp-block-paragraph">&nbsp;</p>



<p class="wp-block-paragraph"></p>
