{"id":6069,"date":"2026-03-26T22:34:40","date_gmt":"2026-03-26T21:34:40","guid":{"rendered":"https:\/\/marocotel.org\/?post_type=exposants&#038;p=6069"},"modified":"2026-04-14T15:31:22","modified_gmt":"2026-04-14T13:31:22","slug":"optolight-luminas","status":"publish","type":"exposants","link":"https:\/\/marocotel.org\/en\/exposants\/optolight-luminas\/","title":{"rendered":"OPTOLIGHT (LUMINAS)"},"content":{"rendered":"<figure class=\"wp-block-image size-full is-resized\"><img loading=\"lazy\" decoding=\"async\" width=\"552\" height=\"552\" src=\"https:\/\/marocotel.org\/wp-content\/uploads\/2026\/03\/Logo-lumina-s-1-1.png\" alt=\"\" class=\"wp-image-6606\" style=\"width:248px;height:auto\" srcset=\"https:\/\/marocotel.org\/wp-content\/uploads\/2026\/03\/Logo-lumina-s-1-1.png 552w, https:\/\/marocotel.org\/wp-content\/uploads\/2026\/03\/Logo-lumina-s-1-1-300x300.png 300w, https:\/\/marocotel.org\/wp-content\/uploads\/2026\/03\/Logo-lumina-s-1-1-150x150.png 150w, https:\/\/marocotel.org\/wp-content\/uploads\/2026\/03\/Logo-lumina-s-1-1-12x12.png 12w, https:\/\/marocotel.org\/wp-content\/uploads\/2026\/03\/Logo-lumina-s-1-1-370x370.png 370w, https:\/\/marocotel.org\/wp-content\/uploads\/2026\/03\/Logo-lumina-s-1-1-170x170.png 170w\" sizes=\"auto, (max-width: 552px) 100vw, 552px\" \/><\/figure>\n\n\n\n<p class=\"wp-block-paragraph\">&nbsp;<\/p>\n\n\n\n<div class=\"wp-block-columns is-layout-flex wp-container-core-columns-is-layout-8f761849 wp-block-columns-is-layout-flex\">\n<div class=\"wp-block-column is-layout-flow wp-block-column-is-layout-flow\" style=\"flex-basis:33.33%\"><\/div>\n\n\n\n<div class=\"wp-block-column is-layout-flow wp-block-column-is-layout-flow\" style=\"flex-basis:66.66%\">\n<p class=\"wp-block-paragraph\">Luminas Maroc, fond\u00e9e en 2017, s&rsquo;impose aujourd&rsquo;hui comme un acteur agile et innovant dans l&rsquo;\u00e9cosyst\u00e8me de l&rsquo;\u00e9clairage au Maroc. Positionn\u00e9e \u00e0 la convergence du design, de la performance \u00e9nerg\u00e9tique et des nouvelles technologies, l&rsquo;entreprise intervient sur l&rsquo;ensemble de la cha\u00eene de valeur de l&rsquo;\u00e9clairage, en B2B comme en B2C. Entreprise jeune et r\u00e9solument tourn\u00e9e vers l&rsquo;avenir, Luminas se distingue par une approche orient\u00e9e solution globale : * Conseil &amp; \u00e9tude d&rsquo;\u00e9clairage sur mesure * Fourniture de luminaires d\u00e9coratifs et techniques * Optimisation \u00e9nerg\u00e9tique (LED, solaire, smart lighting) * Accompagnement des professionnels et particuliers Notre vision est claire : transformer chaque espace en exp\u00e9rience lumineuse, alliant esth\u00e9tique, confort visuel et efficacit\u00e9. Domaines d&rsquo;intervention Luminas op\u00e8re de mani\u00e8re transversale sur plusieurs segments strat\u00e9giques : H\u00f4tellerie &amp; restauration (CHR) Cr\u00e9ation d&rsquo;ambiances immersives et diff\u00e9renciantes, adapt\u00e9es aux standards internationaux. R\u00e9sidentiel haut de gamme Luminaires design et solutions personnalis\u00e9es pour valoriser les espaces de vie. Projets tertiaires &amp; retail \u00c9clairage fonctionnel et sc\u00e9nographique pour am\u00e9liorer l&rsquo;exp\u00e9rience client et la productivit\u00e9. Industriel &amp; ext\u00e9rieur Solutions robustes, durables et optimis\u00e9es en consommation \u00e9nerg\u00e9tique.<\/p>\n\n\n\n<p class=\"wp-block-paragraph\"><\/p>\n\n\n\n<p class=\"wp-block-paragraph\"><\/p>\n<\/div>\n<\/div>\n\n\n\n<div style=\"height:30px\" aria-hidden=\"true\" class=\"wp-block-spacer\"><\/div>\n\n\n\n<div class=\"wp-block-columns is-layout-flex wp-container-core-columns-is-layout-8f761849 wp-block-columns-is-layout-flex\">\n<div class=\"wp-block-column is-layout-flow wp-block-column-is-layout-flow\">\n<small>Raison sociale<\/small><br \/><strong>OPTOLIGHT<\/strong>\n<\/div>\n\n\n\n<div class=\"wp-block-column is-layout-flow wp-block-column-is-layout-flow\">\n<small>Secteur<\/small><br \/><strong>Concevoir &#038; D\u00e9corer<\/strong>\n\n\n\n<p class=\"wp-block-paragraph\">&nbsp;<\/p>\n<\/div>\n\n\n\n<div class=\"wp-block-column is-layout-flow wp-block-column-is-layout-flow\">\n<small><\/small><br\/>\n<\/div>\n<\/div>\n\n\n\n<div class=\"wp-block-columns is-layout-flex wp-container-core-columns-is-layout-8f761849 wp-block-columns-is-layout-flex\">\n<div class=\"wp-block-column is-layout-flow wp-block-column-is-layout-flow\">\n<small>Contact<\/small><br \/><strong>MME SARA 0661.478.086<\/strong>\n\n\n\n<p class=\"wp-block-paragraph\">&nbsp;<\/p>\n<\/div>\n\n\n\n<div class=\"wp-block-column is-layout-flow wp-block-column-is-layout-flow\">\n<small>Fonction<\/small><br \/><strong>GERANTE<\/strong>\n\n\n\n<p class=\"wp-block-paragraph\">&nbsp;<\/p>\n<\/div>\n\n\n\n<div class=\"wp-block-column is-layout-flow wp-block-column-is-layout-flow\">\n<small>Site web<\/small><br \/><strong>Luminas.ma<\/strong>\n\n\n\n<p class=\"wp-block-paragraph\">&nbsp;<\/p>\n<\/div>\n<\/div>\n\n\n\n<div class=\"wp-block-columns is-layout-flex wp-container-core-columns-is-layout-8f761849 wp-block-columns-is-layout-flex\">\n<div class=\"wp-block-column is-layout-flow wp-block-column-is-layout-flow\">\n<small>T\u00e9l\u00e9phone<\/small><br \/><strong>T\u00e9l. : 0522.368.156<br \/>GSM : Fax : 0661.770.733<\/strong>\n<\/div>\n\n\n\n<div class=\"wp-block-column is-layout-flow wp-block-column-is-layout-flow\">\n<small>Email<\/small><br \/><strong>Sara.elouahmani@gmail.com<\/strong>\n<\/div>\n\n\n\n<div class=\"wp-block-column is-layout-flow wp-block-column-is-layout-flow\">\n<small>Adresse<\/small><br \/><strong>8, Rue Mohamed El Hayani rez-chaus Aprt M1 Casablanca<\/strong>\n<\/div>\n<\/div>\n\n\n\n<p class=\"wp-block-paragraph\">&nbsp;<\/p>\n\n\n\n<p class=\"wp-block-paragraph\"><\/p>","protected":false},"featured_media":6606,"menu_order":0,"template":"","meta":{"_acf_changed":true},"categories":[69],"class_list":["post-6069","exposants","type-exposants","status-publish","has-post-thumbnail","hentry","category-concevoir-et-decorer"],"acf":[],"_links":{"self":[{"href":"https:\/\/marocotel.org\/en\/wp-json\/wp\/v2\/exposants\/6069","targetHints":{"allow":["GET"]}}],"collection":[{"href":"https:\/\/marocotel.org\/en\/wp-json\/wp\/v2\/exposants"}],"about":[{"href":"https:\/\/marocotel.org\/en\/wp-json\/wp\/v2\/types\/exposants"}],"wp:featuredmedia":[{"embeddable":true,"href":"https:\/\/marocotel.org\/en\/wp-json\/wp\/v2\/media\/6606"}],"wp:attachment":[{"href":"https:\/\/marocotel.org\/en\/wp-json\/wp\/v2\/media?parent=6069"}],"wp:term":[{"taxonomy":"category","embeddable":true,"href":"https:\/\/marocotel.org\/en\/wp-json\/wp\/v2\/categories?post=6069"}],"curies":[{"name":"wp","href":"https:\/\/api.w.org\/{rel}","templated":true}]}}

<figure class="wp-block-image size-full is-resized"><img loading="lazy" decoding="async" width="552" height="552" src="https://marocotel.org/wp-content/uploads/2026/03/Logo-lumina-s-1-1.png" alt="" class="wp-image-6606" style="width:248px;height:auto" srcset="https://marocotel.org/wp-content/uploads/2026/03/Logo-lumina-s-1-1.png 552w, https://marocotel.org/wp-content/uploads/2026/03/Logo-lumina-s-1-1-300x300.png 300w, https://marocotel.org/wp-content/uploads/2026/03/Logo-lumina-s-1-1-150x150.png 150w, https://marocotel.org/wp-content/uploads/2026/03/Logo-lumina-s-1-1-12x12.png 12w, https://marocotel.org/wp-content/uploads/2026/03/Logo-lumina-s-1-1-370x370.png 370w, https://marocotel.org/wp-content/uploads/2026/03/Logo-lumina-s-1-1-170x170.png 170w" sizes="auto, (max-width: 552px) 100vw, 552px" /></figure>



<p class="wp-block-paragraph">&nbsp;</p>



<div class="wp-block-columns is-layout-flex wp-container-core-columns-is-layout-8f761849 wp-block-columns-is-layout-flex">
<div class="wp-block-column is-layout-flow wp-block-column-is-layout-flow" style="flex-basis:33.33%"></div>



<div class="wp-block-column is-layout-flow wp-block-column-is-layout-flow" style="flex-basis:66.66%">
<p class="wp-block-paragraph">Luminas Maroc, fondée en 2017, s&rsquo;impose aujourd&rsquo;hui comme un acteur agile et innovant dans l&rsquo;écosystème de l&rsquo;éclairage au Maroc. Positionnée à la convergence du design, de la performance énergétique et des nouvelles technologies, l&rsquo;entreprise intervient sur l&rsquo;ensemble de la chaîne de valeur de l&rsquo;éclairage, en B2B comme en B2C. Entreprise jeune et résolument tournée vers l&rsquo;avenir, Luminas se distingue par une approche orientée solution globale : * Conseil &amp; étude d&rsquo;éclairage sur mesure * Fourniture de luminaires décoratifs et techniques * Optimisation énergétique (LED, solaire, smart lighting) * Accompagnement des professionnels et particuliers Notre vision est claire : transformer chaque espace en expérience lumineuse, alliant esthétique, confort visuel et efficacité. Domaines d&rsquo;intervention Luminas opère de manière transversale sur plusieurs segments stratégiques : Hôtellerie &amp; restauration (CHR) Création d&rsquo;ambiances immersives et différenciantes, adaptées aux standards internationaux. Résidentiel haut de gamme Luminaires design et solutions personnalisées pour valoriser les espaces de vie. Projets tertiaires &amp; retail Éclairage fonctionnel et scénographique pour améliorer l&rsquo;expérience client et la productivité. Industriel &amp; extérieur Solutions robustes, durables et optimisées en consommation énergétique.</p>



<p class="wp-block-paragraph"></p>



<p class="wp-block-paragraph"></p>
</div>
</div>



<div style="height:30px" aria-hidden="true" class="wp-block-spacer"></div>



<div class="wp-block-columns is-layout-flex wp-container-core-columns-is-layout-8f761849 wp-block-columns-is-layout-flex">
<div class="wp-block-column is-layout-flow wp-block-column-is-layout-flow">
<small>Raison sociale</small><br /><strong>OPTOLIGHT</strong>
</div>



<div class="wp-block-column is-layout-flow wp-block-column-is-layout-flow">
<small>Secteur</small><br /><strong>Concevoir &#038; Décorer</strong>



<p class="wp-block-paragraph">&nbsp;</p>
</div>



<div class="wp-block-column is-layout-flow wp-block-column-is-layout-flow">
<small></small><br/>
</div>
</div>



<div class="wp-block-columns is-layout-flex wp-container-core-columns-is-layout-8f761849 wp-block-columns-is-layout-flex">
<div class="wp-block-column is-layout-flow wp-block-column-is-layout-flow">
<small>Contact</small><br /><strong>MME SARA 0661.478.086</strong>



<p class="wp-block-paragraph">&nbsp;</p>
</div>



<div class="wp-block-column is-layout-flow wp-block-column-is-layout-flow">
<small>Fonction</small><br /><strong>GERANTE</strong>



<p class="wp-block-paragraph">&nbsp;</p>
</div>



<div class="wp-block-column is-layout-flow wp-block-column-is-layout-flow">
<small>Site web</small><br /><strong>Luminas.ma</strong>



<p class="wp-block-paragraph">&nbsp;</p>
</div>
</div>



<div class="wp-block-columns is-layout-flex wp-container-core-columns-is-layout-8f761849 wp-block-columns-is-layout-flex">
<div class="wp-block-column is-layout-flow wp-block-column-is-layout-flow">
<small>Téléphone</small><br /><strong>Tél. : 0522.368.156<br />GSM : Fax : 0661.770.733</strong>
</div>



<div class="wp-block-column is-layout-flow wp-block-column-is-layout-flow">
<small>Email</small><br /><strong>Sara.elouahmani@gmail.com</strong>
</div>



<div class="wp-block-column is-layout-flow wp-block-column-is-layout-flow">
<small>Adresse</small><br /><strong>8, Rue Mohamed El Hayani rez-chaus Aprt M1 Casablanca</strong>
</div>
</div>



<p class="wp-block-paragraph">&nbsp;</p>



<p class="wp-block-paragraph"></p>
