{"id":6035,"date":"2026-03-26T20:24:52","date_gmt":"2026-03-26T19:24:52","guid":{"rendered":"https:\/\/marocotel.org\/?post_type=exposants&#038;p=6035"},"modified":"2026-03-26T20:29:24","modified_gmt":"2026-03-26T19:29:24","slug":"cut-loop","status":"publish","type":"exposants","link":"https:\/\/marocotel.org\/en\/exposants\/cut-loop\/","title":{"rendered":"CUT &#038; LOOP"},"content":{"rendered":"<p class=\"wp-block-paragraph\">&nbsp;<\/p>\n\n\n\n<div class=\"wp-block-columns is-layout-flex wp-container-core-columns-is-layout-8f761849 wp-block-columns-is-layout-flex\">\n<div class=\"wp-block-column is-layout-flow wp-block-column-is-layout-flow\" style=\"flex-basis:33.33%\">\n\n\n<figure class=\"wp-block-image size-large\"><img loading=\"lazy\" decoding=\"async\" width=\"1024\" height=\"1024\" src=\"https:\/\/marocotel.org\/wp-content\/uploads\/2026\/03\/Untitled-2-211-22-1024x1024.png\" alt=\"\" class=\"wp-image-6036\" srcset=\"https:\/\/marocotel.org\/wp-content\/uploads\/2026\/03\/Untitled-2-211-22-1024x1024.png 1024w, https:\/\/marocotel.org\/wp-content\/uploads\/2026\/03\/Untitled-2-211-22-300x300.png 300w, https:\/\/marocotel.org\/wp-content\/uploads\/2026\/03\/Untitled-2-211-22-150x150.png 150w, https:\/\/marocotel.org\/wp-content\/uploads\/2026\/03\/Untitled-2-211-22-768x768.png 768w, https:\/\/marocotel.org\/wp-content\/uploads\/2026\/03\/Untitled-2-211-22-12x12.png 12w, https:\/\/marocotel.org\/wp-content\/uploads\/2026\/03\/Untitled-2-211-22-370x370.png 370w, https:\/\/marocotel.org\/wp-content\/uploads\/2026\/03\/Untitled-2-211-22-170x170.png 170w, https:\/\/marocotel.org\/wp-content\/uploads\/2026\/03\/Untitled-2-211-22.png 1250w\" sizes=\"auto, (max-width: 1024px) 100vw, 1024px\" \/><\/figure>\n<\/div>\n\n\n\n<div class=\"wp-block-column is-layout-flow wp-block-column-is-layout-flow\" style=\"flex-basis:66.66%\">\n<p class=\"wp-block-paragraph\">Cut &amp; Loop est soci\u00e9t\u00e9 marocaine de distribution de textiles et une marque, alliant design, qualit\u00e9 et performance. Elle d\u00e9veloppe des solutions pour le r\u00e9sidentiel haut de gamme et le secteur h\u00f4telier, en combinant esth\u00e9tique, durabilit\u00e9 et exigences techniques, afin de cr\u00e9er des espaces \u00e9l\u00e9gants, confortables et durables.<\/p>\n\n\n\n<p class=\"wp-block-paragraph\"><\/p>\n\n\n\n<p class=\"wp-block-paragraph\"><\/p>\n<\/div>\n<\/div>\n\n\n\n<div style=\"height:30px\" aria-hidden=\"true\" class=\"wp-block-spacer\"><\/div>\n\n\n\n<div class=\"wp-block-columns is-layout-flex wp-container-core-columns-is-layout-8f761849 wp-block-columns-is-layout-flex\">\n<div class=\"wp-block-column is-layout-flow wp-block-column-is-layout-flow\">\n<small>Raison sociale<\/small><br \/><strong>Cut &#038; Loop<\/strong>\n<\/div>\n\n\n\n<div class=\"wp-block-column is-layout-flow wp-block-column-is-layout-flow\">\n<small>Secteur<\/small><br \/><strong>Concevoir &#038; D\u00e9corer<\/strong>\n\n\n\n<p class=\"wp-block-paragraph\">&nbsp;<\/p>\n<\/div>\n\n\n\n<div class=\"wp-block-column is-layout-flow wp-block-column-is-layout-flow\">\n<small><\/small><br\/>\n<\/div>\n<\/div>\n\n\n\n<div class=\"wp-block-columns is-layout-flex wp-container-core-columns-is-layout-8f761849 wp-block-columns-is-layout-flex\">\n<div class=\"wp-block-column is-layout-flow wp-block-column-is-layout-flow\">\n<small>Contact<\/small><br \/><strong>Yann LERAY<\/strong>\n\n\n\n<p class=\"wp-block-paragraph\">&nbsp;<\/p>\n<\/div>\n\n\n\n<div class=\"wp-block-column is-layout-flow wp-block-column-is-layout-flow\">\n<small>Fonction<\/small><br \/><strong>Charg\u00e9 d\u2019affaires<\/strong>\n\n\n\n<p class=\"wp-block-paragraph\">&nbsp;<\/p>\n<\/div>\n\n\n\n<div class=\"wp-block-column is-layout-flow wp-block-column-is-layout-flow\">\n<small>Site web<\/small><br \/><strong>https:\/\/cutandloop.ma\/<\/strong>\n\n\n\n<p class=\"wp-block-paragraph\">&nbsp;<\/p>\n<\/div>\n<\/div>\n\n\n\n<div class=\"wp-block-columns is-layout-flex wp-container-core-columns-is-layout-8f761849 wp-block-columns-is-layout-flex\">\n<div class=\"wp-block-column is-layout-flow wp-block-column-is-layout-flow\">\n<small>T\u00e9l\u00e9phone<\/small><br \/><strong>Tel. Charg\u00e9 d\u2019affaires : +212 786 11 27 00<br \/>T\u00e9l. Dirigeant : +212 664 47 48 72<\/strong\n<\/div>\n\n\n\n<div class=\"wp-block-column is-layout-flow wp-block-column-is-layout-flow\">\n<small>Email<\/small><br \/><strong>yann@cutandloop<\/strong>\n<\/div>\n\n\n\n<div class=\"wp-block-column is-layout-flow wp-block-column-is-layout-flow\">\n<small>Adresse<\/small><br \/><strong>RDC, Angle Boulevard Abdellatif Ben Kaddour &#038; Avenue Ahmed Charci, Quartier Racine (Anfa), Casablanca 20250<\/strong>\n<\/div>\n<\/div>\n\n\n\n<p class=\"wp-block-paragraph\">&nbsp;<\/p>","protected":false},"featured_media":6036,"menu_order":0,"template":"","meta":{"_acf_changed":true},"categories":[69],"class_list":["post-6035","exposants","type-exposants","status-publish","has-post-thumbnail","hentry","category-concevoir-et-decorer"],"acf":[],"_links":{"self":[{"href":"https:\/\/marocotel.org\/en\/wp-json\/wp\/v2\/exposants\/6035","targetHints":{"allow":["GET"]}}],"collection":[{"href":"https:\/\/marocotel.org\/en\/wp-json\/wp\/v2\/exposants"}],"about":[{"href":"https:\/\/marocotel.org\/en\/wp-json\/wp\/v2\/types\/exposants"}],"wp:featuredmedia":[{"embeddable":true,"href":"https:\/\/marocotel.org\/en\/wp-json\/wp\/v2\/media\/6036"}],"wp:attachment":[{"href":"https:\/\/marocotel.org\/en\/wp-json\/wp\/v2\/media?parent=6035"}],"wp:term":[{"taxonomy":"category","embeddable":true,"href":"https:\/\/marocotel.org\/en\/wp-json\/wp\/v2\/categories?post=6035"}],"curies":[{"name":"wp","href":"https:\/\/api.w.org\/{rel}","templated":true}]}}

<p class="wp-block-paragraph">&nbsp;</p>



<div class="wp-block-columns is-layout-flex wp-container-core-columns-is-layout-8f761849 wp-block-columns-is-layout-flex">
<div class="wp-block-column is-layout-flow wp-block-column-is-layout-flow" style="flex-basis:33.33%">


<figure class="wp-block-image size-large"><img loading="lazy" decoding="async" width="1024" height="1024" src="https://marocotel.org/wp-content/uploads/2026/03/Untitled-2-211-22-1024x1024.png" alt="" class="wp-image-6036" srcset="https://marocotel.org/wp-content/uploads/2026/03/Untitled-2-211-22-1024x1024.png 1024w, https://marocotel.org/wp-content/uploads/2026/03/Untitled-2-211-22-300x300.png 300w, https://marocotel.org/wp-content/uploads/2026/03/Untitled-2-211-22-150x150.png 150w, https://marocotel.org/wp-content/uploads/2026/03/Untitled-2-211-22-768x768.png 768w, https://marocotel.org/wp-content/uploads/2026/03/Untitled-2-211-22-12x12.png 12w, https://marocotel.org/wp-content/uploads/2026/03/Untitled-2-211-22-370x370.png 370w, https://marocotel.org/wp-content/uploads/2026/03/Untitled-2-211-22-170x170.png 170w, https://marocotel.org/wp-content/uploads/2026/03/Untitled-2-211-22.png 1250w" sizes="auto, (max-width: 1024px) 100vw, 1024px" /></figure>
</div>



<div class="wp-block-column is-layout-flow wp-block-column-is-layout-flow" style="flex-basis:66.66%">
<p class="wp-block-paragraph">Cut &amp; Loop est société marocaine de distribution de textiles et une marque, alliant design, qualité et performance. Elle développe des solutions pour le résidentiel haut de gamme et le secteur hôtelier, en combinant esthétique, durabilité et exigences techniques, afin de créer des espaces élégants, confortables et durables.</p>



<p class="wp-block-paragraph"></p>



<p class="wp-block-paragraph"></p>
</div>
</div>



<div style="height:30px" aria-hidden="true" class="wp-block-spacer"></div>



<div class="wp-block-columns is-layout-flex wp-container-core-columns-is-layout-8f761849 wp-block-columns-is-layout-flex">
<div class="wp-block-column is-layout-flow wp-block-column-is-layout-flow">
<small>Raison sociale</small><br /><strong>Cut &#038; Loop</strong>
</div>



<div class="wp-block-column is-layout-flow wp-block-column-is-layout-flow">
<small>Secteur</small><br /><strong>Concevoir &#038; Décorer</strong>



<p class="wp-block-paragraph">&nbsp;</p>
</div>



<div class="wp-block-column is-layout-flow wp-block-column-is-layout-flow">
<small></small><br/>
</div>
</div>



<div class="wp-block-columns is-layout-flex wp-container-core-columns-is-layout-8f761849 wp-block-columns-is-layout-flex">
<div class="wp-block-column is-layout-flow wp-block-column-is-layout-flow">
<small>Contact</small><br /><strong>Yann LERAY</strong>



<p class="wp-block-paragraph">&nbsp;</p>
</div>



<div class="wp-block-column is-layout-flow wp-block-column-is-layout-flow">
<small>Fonction</small><br /><strong>Chargé d’affaires</strong>



<p class="wp-block-paragraph">&nbsp;</p>
</div>



<div class="wp-block-column is-layout-flow wp-block-column-is-layout-flow">
<small>Site web</small><br /><strong>https://cutandloop.ma/</strong>



<p class="wp-block-paragraph">&nbsp;</p>
</div>
</div>



<div class="wp-block-columns is-layout-flex wp-container-core-columns-is-layout-8f761849 wp-block-columns-is-layout-flex">
<div class="wp-block-column is-layout-flow wp-block-column-is-layout-flow">
<small>Téléphone</small><br /><strong>Tel. Chargé d’affaires : +212 786 11 27 00<br />Tél. Dirigeant : +212 664 47 48 72</strong
</div>



<div class="wp-block-column is-layout-flow wp-block-column-is-layout-flow">
<small>Email</small><br /><strong>yann@cutandloop</strong>
</div>



<div class="wp-block-column is-layout-flow wp-block-column-is-layout-flow">
<small>Adresse</small><br /><strong>RDC, Angle Boulevard Abdellatif Ben Kaddour &#038; Avenue Ahmed Charci, Quartier Racine (Anfa), Casablanca 20250</strong>
</div>
</div>



<p class="wp-block-paragraph">&nbsp;</p>
