{"id":6026,"date":"2026-03-26T19:56:14","date_gmt":"2026-03-26T18:56:14","guid":{"rendered":"https:\/\/marocotel.org\/?post_type=exposants&#038;p=6026"},"modified":"2026-03-26T20:02:01","modified_gmt":"2026-03-26T19:02:01","slug":"wall-deco","status":"publish","type":"exposants","link":"https:\/\/marocotel.org\/en\/exposants\/wall-deco\/","title":{"rendered":"WALL DECO"},"content":{"rendered":"<p class=\"wp-block-paragraph\">&nbsp;<\/p>\n\n\n\n<div class=\"wp-block-columns is-layout-flex wp-container-core-columns-is-layout-8f761849 wp-block-columns-is-layout-flex\">\n<div class=\"wp-block-column is-layout-flow wp-block-column-is-layout-flow\" style=\"flex-basis:33.33%\">\n\n\n<figure class=\"wp-block-image size-large\"><img loading=\"lazy\" decoding=\"async\" width=\"1024\" height=\"1024\" src=\"https:\/\/marocotel.org\/wp-content\/uploads\/2026\/03\/Untitled-2-211-11-1024x1024.png\" alt=\"\" class=\"wp-image-6027\" srcset=\"https:\/\/marocotel.org\/wp-content\/uploads\/2026\/03\/Untitled-2-211-11-1024x1024.png 1024w, https:\/\/marocotel.org\/wp-content\/uploads\/2026\/03\/Untitled-2-211-11-300x300.png 300w, https:\/\/marocotel.org\/wp-content\/uploads\/2026\/03\/Untitled-2-211-11-150x150.png 150w, https:\/\/marocotel.org\/wp-content\/uploads\/2026\/03\/Untitled-2-211-11-768x768.png 768w, https:\/\/marocotel.org\/wp-content\/uploads\/2026\/03\/Untitled-2-211-11-12x12.png 12w, https:\/\/marocotel.org\/wp-content\/uploads\/2026\/03\/Untitled-2-211-11-370x370.png 370w, https:\/\/marocotel.org\/wp-content\/uploads\/2026\/03\/Untitled-2-211-11-170x170.png 170w, https:\/\/marocotel.org\/wp-content\/uploads\/2026\/03\/Untitled-2-211-11.png 1250w\" sizes=\"auto, (max-width: 1024px) 100vw, 1024px\" \/><\/figure>\n<\/div>\n\n\n\n<div class=\"wp-block-column is-layout-flow wp-block-column-is-layout-flow\" style=\"flex-basis:66.66%\">\n<p class=\"wp-block-paragraph\">Walldeco \u2013 L\u2019art du rev\u00eatement mural<br>Fond\u00e9e en 2014, Walldeco est une marque sp\u00e9cialis\u00e9e dans la cr\u00e9ation de papiers peints panoramiques et de rev\u00eatements muraux sur mesure. Inspir\u00e9e par le design et l\u2019architecture int\u00e9rieure, l\u2019entreprise d\u00e9veloppe des cr\u00e9ations uniques capables de r\u00e9v\u00e9ler l\u2019identit\u00e9 d\u2019un espace et d\u2019en sublimer l\u2019atmosph\u00e8re.<br>Alliant esth\u00e9tique contemporaine, mat\u00e9riaux de qualit\u00e9 et innovation technique, Walldeco con\u00e7oit des collections o\u00f9 se rencontrent textures raffin\u00e9es, chromatiques \u00e9l\u00e9gantes et motifs originaux. Chaque cr\u00e9ation est pens\u00e9e pour offrir un rendu visuel fort, durable et parfaitement int\u00e9gr\u00e9 aux projets d\u2019am\u00e9nagement.<br>Au fil des ann\u00e9es, la marque a collabor\u00e9 avec architectes, d\u00e9corateurs et promoteurs, intervenant sur des projets r\u00e9sidentiels, h\u00f4teliers et commerciaux. De la conception graphique \u00e0 la production et \u00e0 l\u2019installation, Walldeco accompagne ses partenaires avec des solutions sur mesure adapt\u00e9es aux exigences des projets les plus ambitieux.<br>Aujourd\u2019hui, Walldeco propose bien plus qu\u2019un simple rev\u00eatement mural : de v\u00e9ritables compositions d\u00e9coratives qui transforment les espaces en exp\u00e9riences visuelles uniques.<\/p>\n\n\n\n<p class=\"wp-block-paragraph\"><\/p>\n\n\n\n<p class=\"wp-block-paragraph\"><\/p>\n<\/div>\n<\/div>\n\n\n\n<div style=\"height:30px\" aria-hidden=\"true\" class=\"wp-block-spacer\"><\/div>\n\n\n\n<div class=\"wp-block-columns is-layout-flex wp-container-core-columns-is-layout-8f761849 wp-block-columns-is-layout-flex\">\n<div class=\"wp-block-column is-layout-flow wp-block-column-is-layout-flow\">\n<small>Raison sociale<\/small><br \/><strong>WALLDECO<\/strong>\n<\/div>\n\n\n\n<div class=\"wp-block-column is-layout-flow wp-block-column-is-layout-flow\">\n<small>Secteur<\/small><br \/><strong>Concevoir &#038; D\u00e9corer<\/strong>\t\t\n\n\n\n<p class=\"wp-block-paragraph\">&nbsp;<\/p>\n<\/div>\n\n\n\n<div class=\"wp-block-column is-layout-flow wp-block-column-is-layout-flow\">\n<small><\/small><br\/>\n<\/div>\n<\/div>\n\n\n\n<div class=\"wp-block-columns is-layout-flex wp-container-core-columns-is-layout-8f761849 wp-block-columns-is-layout-flex\">\n<div class=\"wp-block-column is-layout-flow wp-block-column-is-layout-flow\">\n<small>Contact<\/small><br \/><strong>Aziz SAMIR<\/strong>\n\n\n\n<p class=\"wp-block-paragraph\">&nbsp;<\/p>\n<\/div>\n\n\n\n<div class=\"wp-block-column is-layout-flow wp-block-column-is-layout-flow\">\n<small>Fonction<\/small><br \/><strong>CEO designer<\/strong>\n\n\n\n<p class=\"wp-block-paragraph\">&nbsp;<\/p>\n<\/div>\n\n\n\n<div class=\"wp-block-column is-layout-flow wp-block-column-is-layout-flow\">\n<small>Site web<\/small><br \/><strong>www.walldeco.ma<\/strong>\n\n\n\n<p class=\"wp-block-paragraph\">&nbsp;<\/p>\n<\/div>\n<\/div>\n\n\n\n<div class=\"wp-block-columns is-layout-flex wp-container-core-columns-is-layout-8f761849 wp-block-columns-is-layout-flex\">\n<div class=\"wp-block-column is-layout-flow wp-block-column-is-layout-flow\">\n<small>T\u00e9l\u00e9phone<\/small><br \/><strong>GSM : 0661 399 722<\/strong>\n<\/div>\n\n\n\n<div class=\"wp-block-column is-layout-flow wp-block-column-is-layout-flow\">\n<small>Email<\/small><br \/><strong>asamir@walldeco.ma<\/strong>\n<\/div>\n\n\n\n<div class=\"wp-block-column is-layout-flow wp-block-column-is-layout-flow\">\n<small>Adresse<\/small><br \/><strong>17 Brahim ennakheii, maarif extension casablanca<\/strong>\n<\/div>\n<\/div>\n\n\n\n<p class=\"wp-block-paragraph\">&nbsp;<\/p>","protected":false},"featured_media":6027,"menu_order":0,"template":"","meta":{"_acf_changed":true},"categories":[69],"class_list":["post-6026","exposants","type-exposants","status-publish","has-post-thumbnail","hentry","category-concevoir-et-decorer"],"acf":[],"_links":{"self":[{"href":"https:\/\/marocotel.org\/en\/wp-json\/wp\/v2\/exposants\/6026","targetHints":{"allow":["GET"]}}],"collection":[{"href":"https:\/\/marocotel.org\/en\/wp-json\/wp\/v2\/exposants"}],"about":[{"href":"https:\/\/marocotel.org\/en\/wp-json\/wp\/v2\/types\/exposants"}],"wp:featuredmedia":[{"embeddable":true,"href":"https:\/\/marocotel.org\/en\/wp-json\/wp\/v2\/media\/6027"}],"wp:attachment":[{"href":"https:\/\/marocotel.org\/en\/wp-json\/wp\/v2\/media?parent=6026"}],"wp:term":[{"taxonomy":"category","embeddable":true,"href":"https:\/\/marocotel.org\/en\/wp-json\/wp\/v2\/categories?post=6026"}],"curies":[{"name":"wp","href":"https:\/\/api.w.org\/{rel}","templated":true}]}}

<p class="wp-block-paragraph">&nbsp;</p>



<div class="wp-block-columns is-layout-flex wp-container-core-columns-is-layout-8f761849 wp-block-columns-is-layout-flex">
<div class="wp-block-column is-layout-flow wp-block-column-is-layout-flow" style="flex-basis:33.33%">


<figure class="wp-block-image size-large"><img loading="lazy" decoding="async" width="1024" height="1024" src="https://marocotel.org/wp-content/uploads/2026/03/Untitled-2-211-11-1024x1024.png" alt="" class="wp-image-6027" srcset="https://marocotel.org/wp-content/uploads/2026/03/Untitled-2-211-11-1024x1024.png 1024w, https://marocotel.org/wp-content/uploads/2026/03/Untitled-2-211-11-300x300.png 300w, https://marocotel.org/wp-content/uploads/2026/03/Untitled-2-211-11-150x150.png 150w, https://marocotel.org/wp-content/uploads/2026/03/Untitled-2-211-11-768x768.png 768w, https://marocotel.org/wp-content/uploads/2026/03/Untitled-2-211-11-12x12.png 12w, https://marocotel.org/wp-content/uploads/2026/03/Untitled-2-211-11-370x370.png 370w, https://marocotel.org/wp-content/uploads/2026/03/Untitled-2-211-11-170x170.png 170w, https://marocotel.org/wp-content/uploads/2026/03/Untitled-2-211-11.png 1250w" sizes="auto, (max-width: 1024px) 100vw, 1024px" /></figure>
</div>



<div class="wp-block-column is-layout-flow wp-block-column-is-layout-flow" style="flex-basis:66.66%">
<p class="wp-block-paragraph">Walldeco – L’art du revêtement mural<br>Fondée en 2014, Walldeco est une marque spécialisée dans la création de papiers peints panoramiques et de revêtements muraux sur mesure. Inspirée par le design et l’architecture intérieure, l’entreprise développe des créations uniques capables de révéler l’identité d’un espace et d’en sublimer l’atmosphère.<br>Alliant esthétique contemporaine, matériaux de qualité et innovation technique, Walldeco conçoit des collections où se rencontrent textures raffinées, chromatiques élégantes et motifs originaux. Chaque création est pensée pour offrir un rendu visuel fort, durable et parfaitement intégré aux projets d’aménagement.<br>Au fil des années, la marque a collaboré avec architectes, décorateurs et promoteurs, intervenant sur des projets résidentiels, hôteliers et commerciaux. De la conception graphique à la production et à l’installation, Walldeco accompagne ses partenaires avec des solutions sur mesure adaptées aux exigences des projets les plus ambitieux.<br>Aujourd’hui, Walldeco propose bien plus qu’un simple revêtement mural : de véritables compositions décoratives qui transforment les espaces en expériences visuelles uniques.</p>



<p class="wp-block-paragraph"></p>



<p class="wp-block-paragraph"></p>
</div>
</div>



<div style="height:30px" aria-hidden="true" class="wp-block-spacer"></div>



<div class="wp-block-columns is-layout-flex wp-container-core-columns-is-layout-8f761849 wp-block-columns-is-layout-flex">
<div class="wp-block-column is-layout-flow wp-block-column-is-layout-flow">
<small>Raison sociale</small><br /><strong>WALLDECO</strong>
</div>



<div class="wp-block-column is-layout-flow wp-block-column-is-layout-flow">
<small>Secteur</small><br /><strong>Concevoir &#038; Décorer</strong>		



<p class="wp-block-paragraph">&nbsp;</p>
</div>



<div class="wp-block-column is-layout-flow wp-block-column-is-layout-flow">
<small></small><br/>
</div>
</div>



<div class="wp-block-columns is-layout-flex wp-container-core-columns-is-layout-8f761849 wp-block-columns-is-layout-flex">
<div class="wp-block-column is-layout-flow wp-block-column-is-layout-flow">
<small>Contact</small><br /><strong>Aziz SAMIR</strong>



<p class="wp-block-paragraph">&nbsp;</p>
</div>



<div class="wp-block-column is-layout-flow wp-block-column-is-layout-flow">
<small>Fonction</small><br /><strong>CEO designer</strong>



<p class="wp-block-paragraph">&nbsp;</p>
</div>



<div class="wp-block-column is-layout-flow wp-block-column-is-layout-flow">
<small>Site web</small><br /><strong>www.walldeco.ma</strong>



<p class="wp-block-paragraph">&nbsp;</p>
</div>
</div>



<div class="wp-block-columns is-layout-flex wp-container-core-columns-is-layout-8f761849 wp-block-columns-is-layout-flex">
<div class="wp-block-column is-layout-flow wp-block-column-is-layout-flow">
<small>Téléphone</small><br /><strong>GSM : 0661 399 722</strong>
</div>



<div class="wp-block-column is-layout-flow wp-block-column-is-layout-flow">
<small>Email</small><br /><strong>asamir@walldeco.ma</strong>
</div>



<div class="wp-block-column is-layout-flow wp-block-column-is-layout-flow">
<small>Adresse</small><br /><strong>17 Brahim ennakheii, maarif extension casablanca</strong>
</div>
</div>



<p class="wp-block-paragraph">&nbsp;</p>
