{"id":6019,"date":"2026-03-26T19:22:23","date_gmt":"2026-03-26T18:22:23","guid":{"rendered":"https:\/\/marocotel.org\/?post_type=exposants&#038;p=6019"},"modified":"2026-03-26T19:27:17","modified_gmt":"2026-03-26T18:27:17","slug":"bleu-barista-maroc","status":"publish","type":"exposants","link":"https:\/\/marocotel.org\/en\/exposants\/bleu-barista-maroc\/","title":{"rendered":"BLEU BARISTA MAROC"},"content":{"rendered":"<p class=\"wp-block-paragraph\">&nbsp;<\/p>\n\n\n\n<div class=\"wp-block-columns is-layout-flex wp-container-core-columns-is-layout-8f761849 wp-block-columns-is-layout-flex\">\n<div class=\"wp-block-column is-layout-flow wp-block-column-is-layout-flow\" style=\"flex-basis:33.33%\">\n\n\n<figure class=\"wp-block-image size-large\"><img loading=\"lazy\" decoding=\"async\" width=\"1024\" height=\"1024\" src=\"https:\/\/marocotel.org\/wp-content\/uploads\/2026\/03\/Untitled-2-211-17-1024x1024.png\" alt=\"\" class=\"wp-image-6021\" srcset=\"https:\/\/marocotel.org\/wp-content\/uploads\/2026\/03\/Untitled-2-211-17-1024x1024.png 1024w, https:\/\/marocotel.org\/wp-content\/uploads\/2026\/03\/Untitled-2-211-17-300x300.png 300w, https:\/\/marocotel.org\/wp-content\/uploads\/2026\/03\/Untitled-2-211-17-150x150.png 150w, https:\/\/marocotel.org\/wp-content\/uploads\/2026\/03\/Untitled-2-211-17-768x768.png 768w, https:\/\/marocotel.org\/wp-content\/uploads\/2026\/03\/Untitled-2-211-17-12x12.png 12w, https:\/\/marocotel.org\/wp-content\/uploads\/2026\/03\/Untitled-2-211-17-370x370.png 370w, https:\/\/marocotel.org\/wp-content\/uploads\/2026\/03\/Untitled-2-211-17-170x170.png 170w, https:\/\/marocotel.org\/wp-content\/uploads\/2026\/03\/Untitled-2-211-17.png 1250w\" sizes=\"auto, (max-width: 1024px) 100vw, 1024px\" \/><\/figure>\n<\/div>\n\n\n\n<div class=\"wp-block-column is-layout-flow wp-block-column-is-layout-flow\" style=\"flex-basis:66.66%\">\n<p class=\"wp-block-paragraph\">C\u2019est en 1979 que la famille Segafredo, forte de sa longue exp\u00e9rience dans le monde de la torr\u00e9faction du caf\u00e9, a fond\u00e9 Essse Caff\u00e8 SpA \u00e0 Anzola dell\u2019Emilia.<br>La passion, alli\u00e9e \u00e0 la tradition de la torr\u00e9faction du caf\u00e9, a pouss\u00e9 la famille \u00e0 cr\u00e9er une entreprise qui vise l&rsquo;excellence gr\u00e2ce \u00e0 trois piliers : la science, le savoir et la sp\u00e9cialisation .<br>Car le caf\u00e9 est un art qui exige exp\u00e9rience et connaissances approfondies, mais aussi innovation et technologie, et depuis, nous nous consacrons \u00e0 la transformation du caf\u00e9 pour vous offrir<br>le plaisir du meilleur espresso italien : \u00e9l\u00e9gant, intense, harmonieux .<br>Esssecaffe est l\u2019harmonie entre innovation, culture, exp\u00e9rience et technologie : l\u2019excellence dans les 3 S.<\/p>\n\n\n\n<p class=\"wp-block-paragraph\"><\/p>\n\n\n\n<p class=\"wp-block-paragraph\"><\/p>\n<\/div>\n<\/div>\n\n\n\n<div style=\"height:30px\" aria-hidden=\"true\" class=\"wp-block-spacer\"><\/div>\n\n\n\n<div class=\"wp-block-columns is-layout-flex wp-container-core-columns-is-layout-8f761849 wp-block-columns-is-layout-flex\">\n<div class=\"wp-block-column is-layout-flow wp-block-column-is-layout-flow\">\n<small>Raison sociale<\/small><br \/><strong>ESSSECAFFE MAROC<\/strong>\n<\/div>\n\n\n\n<div class=\"wp-block-column is-layout-flow wp-block-column-is-layout-flow\">\n<small>Secteur<\/small><br \/><strong>Cuisiner &#038; Servir<\/strong>\n\n\n\n<p class=\"wp-block-paragraph\">&nbsp;<\/p>\n<\/div>\n\n\n\n<div class=\"wp-block-column is-layout-flow wp-block-column-is-layout-flow\">\n<small><\/small><br\/>\n<\/div>\n<\/div>\n\n\n\n<div class=\"wp-block-columns is-layout-flex wp-container-core-columns-is-layout-8f761849 wp-block-columns-is-layout-flex\">\n<div class=\"wp-block-column is-layout-flow wp-block-column-is-layout-flow\">\n<small>Contact<\/small><br \/><strong>MR EL AZRAK<\/strong>\n\n\n\n<p class=\"wp-block-paragraph\">&nbsp;<\/p>\n<\/div>\n\n\n\n<div class=\"wp-block-column is-layout-flow wp-block-column-is-layout-flow\">\n<small>Contact<\/small><br \/><strong>MR EL AZRAK<\/strong>\n\n\n\n<p class=\"wp-block-paragraph\">&nbsp;<\/p>\n<\/div>\n\n\n\n<div class=\"wp-block-column is-layout-flow wp-block-column-is-layout-flow\">\n<small>Site web<\/small><br \/><strong>www.esssecaffemaroc.com<\/strong>\n\n\n\n<p class=\"wp-block-paragraph\">&nbsp;<\/p>\n<\/div>\n<\/div>\n\n\n\n<div class=\"wp-block-columns is-layout-flex wp-container-core-columns-is-layout-8f761849 wp-block-columns-is-layout-flex\">\n<div class=\"wp-block-column is-layout-flow wp-block-column-is-layout-flow\">\n<small>T\u00e9l\u00e9phone<\/small><br \/><strong>T\u00e9l. : 0661 151960 <br \/> GSM : 0661 151960<\/strong>\t\t\t\n<\/div>\n\n\n\n<div class=\"wp-block-column is-layout-flow wp-block-column-is-layout-flow\">\n<small>Email<\/small><br \/><strong>contact@esssecaffemaroc.com<\/strong>\n<\/div>\n\n\n\n<div class=\"wp-block-column is-layout-flow wp-block-column-is-layout-flow\">\n<small>Adresse<\/small><br \/><strong>Park Bouskoura lot 7 \u2013 Local 2 Masini \u2013 Ville verte<\/strong>\n<\/div>\n<\/div>\n\n\n\n<p class=\"wp-block-paragraph\">&nbsp;<\/p>","protected":false},"featured_media":6021,"menu_order":0,"template":"","meta":{"_acf_changed":true},"categories":[68],"class_list":["post-6019","exposants","type-exposants","status-publish","has-post-thumbnail","hentry","category-cuisiner-et-servir"],"acf":[],"_links":{"self":[{"href":"https:\/\/marocotel.org\/en\/wp-json\/wp\/v2\/exposants\/6019","targetHints":{"allow":["GET"]}}],"collection":[{"href":"https:\/\/marocotel.org\/en\/wp-json\/wp\/v2\/exposants"}],"about":[{"href":"https:\/\/marocotel.org\/en\/wp-json\/wp\/v2\/types\/exposants"}],"wp:featuredmedia":[{"embeddable":true,"href":"https:\/\/marocotel.org\/en\/wp-json\/wp\/v2\/media\/6021"}],"wp:attachment":[{"href":"https:\/\/marocotel.org\/en\/wp-json\/wp\/v2\/media?parent=6019"}],"wp:term":[{"taxonomy":"category","embeddable":true,"href":"https:\/\/marocotel.org\/en\/wp-json\/wp\/v2\/categories?post=6019"}],"curies":[{"name":"wp","href":"https:\/\/api.w.org\/{rel}","templated":true}]}}

<p class="wp-block-paragraph">&nbsp;</p>



<div class="wp-block-columns is-layout-flex wp-container-core-columns-is-layout-8f761849 wp-block-columns-is-layout-flex">
<div class="wp-block-column is-layout-flow wp-block-column-is-layout-flow" style="flex-basis:33.33%">


<figure class="wp-block-image size-large"><img loading="lazy" decoding="async" width="1024" height="1024" src="https://marocotel.org/wp-content/uploads/2026/03/Untitled-2-211-17-1024x1024.png" alt="" class="wp-image-6021" srcset="https://marocotel.org/wp-content/uploads/2026/03/Untitled-2-211-17-1024x1024.png 1024w, https://marocotel.org/wp-content/uploads/2026/03/Untitled-2-211-17-300x300.png 300w, https://marocotel.org/wp-content/uploads/2026/03/Untitled-2-211-17-150x150.png 150w, https://marocotel.org/wp-content/uploads/2026/03/Untitled-2-211-17-768x768.png 768w, https://marocotel.org/wp-content/uploads/2026/03/Untitled-2-211-17-12x12.png 12w, https://marocotel.org/wp-content/uploads/2026/03/Untitled-2-211-17-370x370.png 370w, https://marocotel.org/wp-content/uploads/2026/03/Untitled-2-211-17-170x170.png 170w, https://marocotel.org/wp-content/uploads/2026/03/Untitled-2-211-17.png 1250w" sizes="auto, (max-width: 1024px) 100vw, 1024px" /></figure>
</div>



<div class="wp-block-column is-layout-flow wp-block-column-is-layout-flow" style="flex-basis:66.66%">
<p class="wp-block-paragraph">C’est en 1979 que la famille Segafredo, forte de sa longue expérience dans le monde de la torréfaction du café, a fondé Essse Caffè SpA à Anzola dell’Emilia.<br>La passion, alliée à la tradition de la torréfaction du café, a poussé la famille à créer une entreprise qui vise l&rsquo;excellence grâce à trois piliers : la science, le savoir et la spécialisation .<br>Car le café est un art qui exige expérience et connaissances approfondies, mais aussi innovation et technologie, et depuis, nous nous consacrons à la transformation du café pour vous offrir<br>le plaisir du meilleur espresso italien : élégant, intense, harmonieux .<br>Esssecaffe est l’harmonie entre innovation, culture, expérience et technologie : l’excellence dans les 3 S.</p>



<p class="wp-block-paragraph"></p>



<p class="wp-block-paragraph"></p>
</div>
</div>



<div style="height:30px" aria-hidden="true" class="wp-block-spacer"></div>



<div class="wp-block-columns is-layout-flex wp-container-core-columns-is-layout-8f761849 wp-block-columns-is-layout-flex">
<div class="wp-block-column is-layout-flow wp-block-column-is-layout-flow">
<small>Raison sociale</small><br /><strong>ESSSECAFFE MAROC</strong>
</div>



<div class="wp-block-column is-layout-flow wp-block-column-is-layout-flow">
<small>Secteur</small><br /><strong>Cuisiner &#038; Servir</strong>



<p class="wp-block-paragraph">&nbsp;</p>
</div>



<div class="wp-block-column is-layout-flow wp-block-column-is-layout-flow">
<small></small><br/>
</div>
</div>



<div class="wp-block-columns is-layout-flex wp-container-core-columns-is-layout-8f761849 wp-block-columns-is-layout-flex">
<div class="wp-block-column is-layout-flow wp-block-column-is-layout-flow">
<small>Contact</small><br /><strong>MR EL AZRAK</strong>



<p class="wp-block-paragraph">&nbsp;</p>
</div>



<div class="wp-block-column is-layout-flow wp-block-column-is-layout-flow">
<small>Contact</small><br /><strong>MR EL AZRAK</strong>



<p class="wp-block-paragraph">&nbsp;</p>
</div>



<div class="wp-block-column is-layout-flow wp-block-column-is-layout-flow">
<small>Site web</small><br /><strong>www.esssecaffemaroc.com</strong>



<p class="wp-block-paragraph">&nbsp;</p>
</div>
</div>



<div class="wp-block-columns is-layout-flex wp-container-core-columns-is-layout-8f761849 wp-block-columns-is-layout-flex">
<div class="wp-block-column is-layout-flow wp-block-column-is-layout-flow">
<small>Téléphone</small><br /><strong>Tél. : 0661 151960 <br /> GSM : 0661 151960</strong>			
</div>



<div class="wp-block-column is-layout-flow wp-block-column-is-layout-flow">
<small>Email</small><br /><strong>contact@esssecaffemaroc.com</strong>
</div>



<div class="wp-block-column is-layout-flow wp-block-column-is-layout-flow">
<small>Adresse</small><br /><strong>Park Bouskoura lot 7 – Local 2 Masini – Ville verte</strong>
</div>
</div>



<p class="wp-block-paragraph">&nbsp;</p>
