{"id":5952,"date":"2026-03-25T22:27:54","date_gmt":"2026-03-25T21:27:54","guid":{"rendered":"https:\/\/marocotel.org\/?post_type=exposants&#038;p=5952"},"modified":"2026-04-14T13:25:07","modified_gmt":"2026-04-14T11:25:07","slug":"cosmelab","status":"publish","type":"exposants","link":"https:\/\/marocotel.org\/en\/exposants\/cosmelab\/","title":{"rendered":"COSMELAB"},"content":{"rendered":"<p class=\"wp-block-paragraph\">&nbsp;<\/p>\n\n\n\n<div class=\"wp-block-columns is-layout-flex wp-container-core-columns-is-layout-8f761849 wp-block-columns-is-layout-flex\">\n<div class=\"wp-block-column is-layout-flow wp-block-column-is-layout-flow\" style=\"flex-basis:33.33%\">\n\n\n<figure class=\"wp-block-image size-large\"><img loading=\"lazy\" decoding=\"async\" width=\"724\" height=\"1024\" src=\"https:\/\/marocotel.org\/wp-content\/uploads\/2026\/03\/cosmelab-Logo-MT_2023-1-2-724x1024.png\" alt=\"\" class=\"wp-image-6555\" srcset=\"https:\/\/marocotel.org\/wp-content\/uploads\/2026\/03\/cosmelab-Logo-MT_2023-1-2-724x1024.png 724w, https:\/\/marocotel.org\/wp-content\/uploads\/2026\/03\/cosmelab-Logo-MT_2023-1-2-212x300.png 212w, https:\/\/marocotel.org\/wp-content\/uploads\/2026\/03\/cosmelab-Logo-MT_2023-1-2-768x1086.png 768w, https:\/\/marocotel.org\/wp-content\/uploads\/2026\/03\/cosmelab-Logo-MT_2023-1-2-1086x1536.png 1086w, https:\/\/marocotel.org\/wp-content\/uploads\/2026\/03\/cosmelab-Logo-MT_2023-1-2-1448x2048.png 1448w, https:\/\/marocotel.org\/wp-content\/uploads\/2026\/03\/cosmelab-Logo-MT_2023-1-2-8x12.png 8w, https:\/\/marocotel.org\/wp-content\/uploads\/2026\/03\/cosmelab-Logo-MT_2023-1-2.png 1654w\" sizes=\"auto, (max-width: 724px) 100vw, 724px\" \/><\/figure>\n<\/div>\n\n\n\n<div class=\"wp-block-column is-layout-flow wp-block-column-is-layout-flow\" style=\"flex-basis:66.66%\">\n<p class=\"wp-block-paragraph\">Moroccan Tree est une marque n\u00e9e de la passion pour la richesse botanique du Maroc. Inspir\u00e9e par les plantes aromatiques et m\u00e9dicinales du Haut-Atlas, de l\u2019Anti-Atlas, du Rif et de l\u2019Oriental, elle valorise leurs bienfaits th\u00e9rapeutiques reconnus depuis des si\u00e8cles. La marque d\u00e9veloppe ainsi des soins naturels, sensoriels et dermatologiques, \u00e9labor\u00e9s en harmonie avec la nature.<\/p>\n\n\n\n<p class=\"wp-block-paragraph\"><\/p>\n<\/div>\n<\/div>\n\n\n\n<div style=\"height:30px\" aria-hidden=\"true\" class=\"wp-block-spacer\"><\/div>\n\n\n\n<div class=\"wp-block-columns is-layout-flex wp-container-core-columns-is-layout-8f761849 wp-block-columns-is-layout-flex\">\n<div class=\"wp-block-column is-layout-flow wp-block-column-is-layout-flow\">\n<small>Raison sociale<\/small><br \/><strong>COSMELAB<\/strong>\n<\/div>\n\n\n\n<div class=\"wp-block-column is-layout-flow wp-block-column-is-layout-flow\">\n<small>Secteur<\/small><br \/><strong>Accueillir &#038; Relaxer<\/strong><br \/><strong>D\u00e9tendre &#038; Divertir<\/strong>\n\n\n\n<p class=\"wp-block-paragraph\">&nbsp;<\/p>\n<\/div>\n\n\n\n<div class=\"wp-block-column is-layout-flow wp-block-column-is-layout-flow\">\n<small><\/small><br\/>\n<\/div>\n<\/div>\n\n\n\n<div class=\"wp-block-columns is-layout-flex wp-container-core-columns-is-layout-8f761849 wp-block-columns-is-layout-flex\">\n<div class=\"wp-block-column is-layout-flow wp-block-column-is-layout-flow\">\n<small>Contact<\/small><br \/><strong>El Khaladi Mariam<\/strong>\n\n\n\n<p class=\"wp-block-paragraph\">&nbsp;<\/p>\n<\/div>\n\n\n\n<div class=\"wp-block-column is-layout-flow wp-block-column-is-layout-flow\">\n<small>Fonction<\/small><br \/><strong>Responsable de marque<\/strong>\n\n\n\n<p class=\"wp-block-paragraph\">&nbsp;<\/p>\n<\/div>\n\n\n\n<div class=\"wp-block-column is-layout-flow wp-block-column-is-layout-flow\">\n<small>Site web<\/small><br \/><strong><\/strong>\n\n\n\n<p class=\"wp-block-paragraph\">&nbsp;<\/p>\n<\/div>\n<\/div>\n\n\n\n<div class=\"wp-block-columns is-layout-flex wp-container-core-columns-is-layout-8f761849 wp-block-columns-is-layout-flex\">\n<div class=\"wp-block-column is-layout-flow wp-block-column-is-layout-flow\">\n<small>T\u00e9l\u00e9phone<\/small><br \/><strong>T\u00e9l. : +212 708-087776<\/strong>\n<\/div>\n\n\n\n<div class=\"wp-block-column is-layout-flow wp-block-column-is-layout-flow\">\n<small>Email<\/small><br \/><strong>cosmelabmaroc@gmail.com<\/strong>\n<\/div>\n\n\n\n<div class=\"wp-block-column is-layout-flow wp-block-column-is-layout-flow\">\n<small>Adresse<\/small><br \/><strong>LOCAL EXTRAIT DE LA MAISON 671 SECT 9 HAY NASR AIN AOUDA<\/strong>\n<\/div>\n<\/div>\n\n\n\n<p class=\"wp-block-paragraph\">&nbsp;<\/p>","protected":false},"featured_media":6554,"menu_order":0,"template":"","meta":{"_acf_changed":false},"categories":[71,73],"class_list":["post-5952","exposants","type-exposants","status-publish","has-post-thumbnail","hentry","category-accueillir-et-relaxer","category-detendre-et-divertir"],"acf":[],"_links":{"self":[{"href":"https:\/\/marocotel.org\/en\/wp-json\/wp\/v2\/exposants\/5952","targetHints":{"allow":["GET"]}}],"collection":[{"href":"https:\/\/marocotel.org\/en\/wp-json\/wp\/v2\/exposants"}],"about":[{"href":"https:\/\/marocotel.org\/en\/wp-json\/wp\/v2\/types\/exposants"}],"wp:featuredmedia":[{"embeddable":true,"href":"https:\/\/marocotel.org\/en\/wp-json\/wp\/v2\/media\/6554"}],"wp:attachment":[{"href":"https:\/\/marocotel.org\/en\/wp-json\/wp\/v2\/media?parent=5952"}],"wp:term":[{"taxonomy":"category","embeddable":true,"href":"https:\/\/marocotel.org\/en\/wp-json\/wp\/v2\/categories?post=5952"}],"curies":[{"name":"wp","href":"https:\/\/api.w.org\/{rel}","templated":true}]}}

<p class="wp-block-paragraph">&nbsp;</p>



<div class="wp-block-columns is-layout-flex wp-container-core-columns-is-layout-8f761849 wp-block-columns-is-layout-flex">
<div class="wp-block-column is-layout-flow wp-block-column-is-layout-flow" style="flex-basis:33.33%">


<figure class="wp-block-image size-large"><img loading="lazy" decoding="async" width="724" height="1024" src="https://marocotel.org/wp-content/uploads/2026/03/cosmelab-Logo-MT_2023-1-2-724x1024.png" alt="" class="wp-image-6555" srcset="https://marocotel.org/wp-content/uploads/2026/03/cosmelab-Logo-MT_2023-1-2-724x1024.png 724w, https://marocotel.org/wp-content/uploads/2026/03/cosmelab-Logo-MT_2023-1-2-212x300.png 212w, https://marocotel.org/wp-content/uploads/2026/03/cosmelab-Logo-MT_2023-1-2-768x1086.png 768w, https://marocotel.org/wp-content/uploads/2026/03/cosmelab-Logo-MT_2023-1-2-1086x1536.png 1086w, https://marocotel.org/wp-content/uploads/2026/03/cosmelab-Logo-MT_2023-1-2-1448x2048.png 1448w, https://marocotel.org/wp-content/uploads/2026/03/cosmelab-Logo-MT_2023-1-2-8x12.png 8w, https://marocotel.org/wp-content/uploads/2026/03/cosmelab-Logo-MT_2023-1-2.png 1654w" sizes="auto, (max-width: 724px) 100vw, 724px" /></figure>
</div>



<div class="wp-block-column is-layout-flow wp-block-column-is-layout-flow" style="flex-basis:66.66%">
<p class="wp-block-paragraph">Moroccan Tree est une marque née de la passion pour la richesse botanique du Maroc. Inspirée par les plantes aromatiques et médicinales du Haut-Atlas, de l’Anti-Atlas, du Rif et de l’Oriental, elle valorise leurs bienfaits thérapeutiques reconnus depuis des siècles. La marque développe ainsi des soins naturels, sensoriels et dermatologiques, élaborés en harmonie avec la nature.</p>



<p class="wp-block-paragraph"></p>
</div>
</div>



<div style="height:30px" aria-hidden="true" class="wp-block-spacer"></div>



<div class="wp-block-columns is-layout-flex wp-container-core-columns-is-layout-8f761849 wp-block-columns-is-layout-flex">
<div class="wp-block-column is-layout-flow wp-block-column-is-layout-flow">
<small>Raison sociale</small><br /><strong>COSMELAB</strong>
</div>



<div class="wp-block-column is-layout-flow wp-block-column-is-layout-flow">
<small>Secteur</small><br /><strong>Accueillir &#038; Relaxer</strong><br /><strong>Détendre &#038; Divertir</strong>



<p class="wp-block-paragraph">&nbsp;</p>
</div>



<div class="wp-block-column is-layout-flow wp-block-column-is-layout-flow">
<small></small><br/>
</div>
</div>



<div class="wp-block-columns is-layout-flex wp-container-core-columns-is-layout-8f761849 wp-block-columns-is-layout-flex">
<div class="wp-block-column is-layout-flow wp-block-column-is-layout-flow">
<small>Contact</small><br /><strong>El Khaladi Mariam</strong>



<p class="wp-block-paragraph">&nbsp;</p>
</div>



<div class="wp-block-column is-layout-flow wp-block-column-is-layout-flow">
<small>Fonction</small><br /><strong>Responsable de marque</strong>



<p class="wp-block-paragraph">&nbsp;</p>
</div>



<div class="wp-block-column is-layout-flow wp-block-column-is-layout-flow">
<small>Site web</small><br /><strong></strong>



<p class="wp-block-paragraph">&nbsp;</p>
</div>
</div>



<div class="wp-block-columns is-layout-flex wp-container-core-columns-is-layout-8f761849 wp-block-columns-is-layout-flex">
<div class="wp-block-column is-layout-flow wp-block-column-is-layout-flow">
<small>Téléphone</small><br /><strong>Tél. : +212 708-087776</strong>
</div>



<div class="wp-block-column is-layout-flow wp-block-column-is-layout-flow">
<small>Email</small><br /><strong>cosmelabmaroc@gmail.com</strong>
</div>



<div class="wp-block-column is-layout-flow wp-block-column-is-layout-flow">
<small>Adresse</small><br /><strong>LOCAL EXTRAIT DE LA MAISON 671 SECT 9 HAY NASR AIN AOUDA</strong>
</div>
</div>



<p class="wp-block-paragraph">&nbsp;</p>
