{"id":4456,"date":"2024-05-04T20:56:01","date_gmt":"2024-05-04T18:56:01","guid":{"rendered":"https:\/\/marocotel.org\/?post_type=exposants&#038;p=4456"},"modified":"2026-03-26T23:23:15","modified_gmt":"2026-03-26T22:23:15","slug":"la-maison-de-blanc","status":"publish","type":"exposants","link":"https:\/\/marocotel.org\/en\/exposants\/la-maison-de-blanc\/","title":{"rendered":"LA MAISON DE BLANC"},"content":{"rendered":"<p class=\"wp-block-paragraph\">&nbsp;<\/p>\n\n\n\n<div class=\"wp-block-columns is-layout-flex wp-container-core-columns-is-layout-8f761849 wp-block-columns-is-layout-flex\">\n<div class=\"wp-block-column is-layout-flow wp-block-column-is-layout-flow\" style=\"flex-basis:33.33%\"><figure class=\"wp-block-post-featured-image\"><img loading=\"lazy\" decoding=\"async\" width=\"600\" height=\"295\" src=\"https:\/\/marocotel.org\/wp-content\/uploads\/2024\/05\/Logo-La-Maison-de-Blanc.png\" class=\"attachment-post-thumbnail size-post-thumbnail wp-post-image\" alt=\"\" style=\"object-fit:cover;\" srcset=\"https:\/\/marocotel.org\/wp-content\/uploads\/2024\/05\/Logo-La-Maison-de-Blanc.png 600w, https:\/\/marocotel.org\/wp-content\/uploads\/2024\/05\/Logo-La-Maison-de-Blanc-300x148.png 300w, https:\/\/marocotel.org\/wp-content\/uploads\/2024\/05\/Logo-La-Maison-de-Blanc-18x9.png 18w\" sizes=\"auto, (max-width: 600px) 100vw, 600px\" \/><\/figure><\/div>\n\n\n\n<div class=\"wp-block-column is-layout-flow wp-block-column-is-layout-flow\" style=\"flex-basis:66.66%\">\n<p class=\"wp-block-paragraph\">D\u00e9couvrez notre soci\u00e9t\u00e9 sp\u00e9cialis\u00e9e dans la fabrication de linge de maison haut de gamme. Depuis 1933, nous mettons notre expertise au service de votre confort et de votre bien-\u00eatre. Nos collections, con\u00e7ues avec des mat\u00e9riaux de qualit\u00e9 sup\u00e9rieure, allient \u00e9l\u00e9gance, durabilit\u00e9 et confort. Du linge de lit aux serviettes de bain en passant par les nappes et les rideaux, nous vous offrons un large choix pour embellir votre int\u00e9rieur. Faites de votre maison un v\u00e9ritable cocon de douceur avec LA MAISON DE BLANC<\/p>\n\n\n\n<p class=\"wp-block-paragraph\">.<\/p>\n\n\n\n<p class=\"wp-block-paragraph\">.<\/p>\n\n\n\n<p class=\"wp-block-paragraph\"><\/p>\n\n\n\n<p class=\"wp-block-paragraph\"><\/p>\n<\/div>\n<\/div>\n\n\n\n<div style=\"height:30px\" aria-hidden=\"true\" class=\"wp-block-spacer\"><\/div>\n\n\n\n<div class=\"wp-block-columns is-layout-flex wp-container-core-columns-is-layout-8f761849 wp-block-columns-is-layout-flex\">\n<div class=\"wp-block-column is-layout-flow wp-block-column-is-layout-flow\">\n<small>Raison sociale<\/small><br \/><strong>LA MAISON DE BLANC<\/strong>\n<\/div>\n\n\n\n<div class=\"wp-block-column is-layout-flow wp-block-column-is-layout-flow\">\n<small>Secteur<\/small><br \/><strong>Concevoir &#038; D\u00e9corer<\/strong>\n\n\n\n<p class=\"wp-block-paragraph\">&nbsp;<\/p>\n<\/div>\n\n\n\n<div class=\"wp-block-column is-layout-flow wp-block-column-is-layout-flow\">\n<small><\/small><br\/>\n<\/div>\n<\/div>\n\n\n\n<div class=\"wp-block-columns is-layout-flex wp-container-core-columns-is-layout-8f761849 wp-block-columns-is-layout-flex\">\n<div class=\"wp-block-column is-layout-flow wp-block-column-is-layout-flow\">\n<small>Contact<\/small><br \/><strong>Mr Thierry Andre<br \/>Mr Patrick Andre<\/strong>\n\n\n\n<p class=\"wp-block-paragraph\">&nbsp;<\/p>\n<\/div>\n\n\n\n<div class=\"wp-block-column is-layout-flow wp-block-column-is-layout-flow\">\n<small>Fonction<\/small><br \/><strong>Fonction 1 : Directeur Commercial<br \/>Fonction 2 : G\u00e9rant<\/strong>\n\n\n\n<p class=\"wp-block-paragraph\">&nbsp;<\/p>\n<\/div>\n\n\n\n<div class=\"wp-block-column is-layout-flow wp-block-column-is-layout-flow\">\n<small>Site web<\/small><br \/><strong>www.lamaisondeblanc.com<\/strong>\n\n\n\n<p class=\"wp-block-paragraph\">&nbsp;<\/p>\n<\/div>\n<\/div>\n\n\n\n<div class=\"wp-block-columns is-layout-flex wp-container-core-columns-is-layout-8f761849 wp-block-columns-is-layout-flex\">\n<div class=\"wp-block-column is-layout-flow wp-block-column-is-layout-flow\">\n<small>T\u00e9l\u00e9phone<\/small><br \/><strong>T\u00e9l. : 05.22.22.09.20<br \/>GSM : 06.11.17.88.48<br \/>Fax : 05.22.22.09.69<\/strong>\n<\/div>\n\n\n\n<div class=\"wp-block-column is-layout-flow wp-block-column-is-layout-flow\">\n<small>Email<\/small><br \/><strong>maisondb@gmail.com \/ maisondb2@gmail.com<\/strong>\n<\/div>\n\n\n\n<div class=\"wp-block-column is-layout-flow wp-block-column-is-layout-flow\">\n<small>Adresse<\/small><br \/><strong>25, PLACE DU 16 NOVEMBRE, CASABLANCA<\/strong>\n<\/div>\n<\/div>\n\n\n\n<p class=\"wp-block-paragraph\">&nbsp;<\/p>","protected":false},"featured_media":4457,"menu_order":0,"template":"","meta":{"_acf_changed":true},"categories":[69],"class_list":["post-4456","exposants","type-exposants","status-publish","has-post-thumbnail","hentry","category-concevoir-et-decorer"],"acf":[],"_links":{"self":[{"href":"https:\/\/marocotel.org\/en\/wp-json\/wp\/v2\/exposants\/4456","targetHints":{"allow":["GET"]}}],"collection":[{"href":"https:\/\/marocotel.org\/en\/wp-json\/wp\/v2\/exposants"}],"about":[{"href":"https:\/\/marocotel.org\/en\/wp-json\/wp\/v2\/types\/exposants"}],"wp:featuredmedia":[{"embeddable":true,"href":"https:\/\/marocotel.org\/en\/wp-json\/wp\/v2\/media\/4457"}],"wp:attachment":[{"href":"https:\/\/marocotel.org\/en\/wp-json\/wp\/v2\/media?parent=4456"}],"wp:term":[{"taxonomy":"category","embeddable":true,"href":"https:\/\/marocotel.org\/en\/wp-json\/wp\/v2\/categories?post=4456"}],"curies":[{"name":"wp","href":"https:\/\/api.w.org\/{rel}","templated":true}]}}

<p class="wp-block-paragraph">&nbsp;</p>



<div class="wp-block-columns is-layout-flex wp-container-core-columns-is-layout-8f761849 wp-block-columns-is-layout-flex">
<div class="wp-block-column is-layout-flow wp-block-column-is-layout-flow" style="flex-basis:33.33%"><figure class="wp-block-post-featured-image"><img loading="lazy" decoding="async" width="600" height="295" src="https://marocotel.org/wp-content/uploads/2024/05/Logo-La-Maison-de-Blanc.png" class="attachment-post-thumbnail size-post-thumbnail wp-post-image" alt="" style="object-fit:cover;" srcset="https://marocotel.org/wp-content/uploads/2024/05/Logo-La-Maison-de-Blanc.png 600w, https://marocotel.org/wp-content/uploads/2024/05/Logo-La-Maison-de-Blanc-300x148.png 300w, https://marocotel.org/wp-content/uploads/2024/05/Logo-La-Maison-de-Blanc-18x9.png 18w" sizes="auto, (max-width: 600px) 100vw, 600px" /></figure></div>



<div class="wp-block-column is-layout-flow wp-block-column-is-layout-flow" style="flex-basis:66.66%">
<p class="wp-block-paragraph">Découvrez notre société spécialisée dans la fabrication de linge de maison haut de gamme. Depuis 1933, nous mettons notre expertise au service de votre confort et de votre bien-être. Nos collections, conçues avec des matériaux de qualité supérieure, allient élégance, durabilité et confort. Du linge de lit aux serviettes de bain en passant par les nappes et les rideaux, nous vous offrons un large choix pour embellir votre intérieur. Faites de votre maison un véritable cocon de douceur avec LA MAISON DE BLANC</p>



<p class="wp-block-paragraph">.</p>



<p class="wp-block-paragraph">.</p>



<p class="wp-block-paragraph"></p>



<p class="wp-block-paragraph"></p>
</div>
</div>



<div style="height:30px" aria-hidden="true" class="wp-block-spacer"></div>



<div class="wp-block-columns is-layout-flex wp-container-core-columns-is-layout-8f761849 wp-block-columns-is-layout-flex">
<div class="wp-block-column is-layout-flow wp-block-column-is-layout-flow">
<small>Raison sociale</small><br /><strong>LA MAISON DE BLANC</strong>
</div>



<div class="wp-block-column is-layout-flow wp-block-column-is-layout-flow">
<small>Secteur</small><br /><strong>Concevoir &#038; Décorer</strong>



<p class="wp-block-paragraph">&nbsp;</p>
</div>



<div class="wp-block-column is-layout-flow wp-block-column-is-layout-flow">
<small></small><br/>
</div>
</div>



<div class="wp-block-columns is-layout-flex wp-container-core-columns-is-layout-8f761849 wp-block-columns-is-layout-flex">
<div class="wp-block-column is-layout-flow wp-block-column-is-layout-flow">
<small>Contact</small><br /><strong>Mr Thierry Andre<br />Mr Patrick Andre</strong>



<p class="wp-block-paragraph">&nbsp;</p>
</div>



<div class="wp-block-column is-layout-flow wp-block-column-is-layout-flow">
<small>Fonction</small><br /><strong>Fonction 1 : Directeur Commercial<br />Fonction 2 : Gérant</strong>



<p class="wp-block-paragraph">&nbsp;</p>
</div>



<div class="wp-block-column is-layout-flow wp-block-column-is-layout-flow">
<small>Site web</small><br /><strong>www.lamaisondeblanc.com</strong>



<p class="wp-block-paragraph">&nbsp;</p>
</div>
</div>



<div class="wp-block-columns is-layout-flex wp-container-core-columns-is-layout-8f761849 wp-block-columns-is-layout-flex">
<div class="wp-block-column is-layout-flow wp-block-column-is-layout-flow">
<small>Téléphone</small><br /><strong>Tél. : 05.22.22.09.20<br />GSM : 06.11.17.88.48<br />Fax : 05.22.22.09.69</strong>
</div>



<div class="wp-block-column is-layout-flow wp-block-column-is-layout-flow">
<small>Email</small><br /><strong>maisondb@gmail.com / maisondb2@gmail.com</strong>
</div>



<div class="wp-block-column is-layout-flow wp-block-column-is-layout-flow">
<small>Adresse</small><br /><strong>25, PLACE DU 16 NOVEMBRE, CASABLANCA</strong>
</div>
</div>



<p class="wp-block-paragraph">&nbsp;</p>
