{"id":4393,"date":"2024-04-28T04:41:00","date_gmt":"2024-04-28T02:41:00","guid":{"rendered":"https:\/\/marocotel.org\/?post_type=exposants&#038;p=4393"},"modified":"2026-03-26T20:23:32","modified_gmt":"2026-03-26T19:23:32","slug":"hot-kitchen-equipement","status":"publish","type":"exposants","link":"https:\/\/marocotel.org\/en\/exposants\/hot-kitchen-equipement\/","title":{"rendered":"HOT KITCHEN EQUIPEMENT"},"content":{"rendered":"<p class=\"wp-block-paragraph\">&nbsp;<\/p>\n\n\n\n<div class=\"wp-block-columns is-layout-flex wp-container-core-columns-is-layout-8f761849 wp-block-columns-is-layout-flex\">\n<div class=\"wp-block-column is-layout-flow wp-block-column-is-layout-flow\" style=\"flex-basis:33.33%\"><figure class=\"wp-block-post-featured-image\"><img loading=\"lazy\" decoding=\"async\" width=\"1250\" height=\"1250\" src=\"https:\/\/marocotel.org\/wp-content\/uploads\/2024\/04\/Untitled-2-211-26.png\" class=\"attachment-post-thumbnail size-post-thumbnail wp-post-image\" alt=\"\" style=\"object-fit:cover;\" srcset=\"https:\/\/marocotel.org\/wp-content\/uploads\/2024\/04\/Untitled-2-211-26.png 1250w, https:\/\/marocotel.org\/wp-content\/uploads\/2024\/04\/Untitled-2-211-26-300x300.png 300w, https:\/\/marocotel.org\/wp-content\/uploads\/2024\/04\/Untitled-2-211-26-1024x1024.png 1024w, https:\/\/marocotel.org\/wp-content\/uploads\/2024\/04\/Untitled-2-211-26-150x150.png 150w, https:\/\/marocotel.org\/wp-content\/uploads\/2024\/04\/Untitled-2-211-26-768x768.png 768w, https:\/\/marocotel.org\/wp-content\/uploads\/2024\/04\/Untitled-2-211-26-12x12.png 12w, https:\/\/marocotel.org\/wp-content\/uploads\/2024\/04\/Untitled-2-211-26-370x370.png 370w, https:\/\/marocotel.org\/wp-content\/uploads\/2024\/04\/Untitled-2-211-26-170x170.png 170w\" sizes=\"auto, (max-width: 1250px) 100vw, 1250px\" \/><\/figure><\/div>\n\n\n\n<div class=\"wp-block-column is-layout-flow wp-block-column-is-layout-flow\" style=\"flex-basis:66.66%\">\n<p class=\"wp-block-paragraph\">HOT KITCHEN CHR, soci\u00e9t\u00e9 sp\u00e9cialis\u00e9e dans l\u2019importation et la fourniture de solutions haut gamme en mati\u00e8re de Cuisine professionnelle ainsi que leur maintenance, sp\u00e9cialement adapt\u00e9es aux h\u00f4tels, boulangeries, caf\u00e9s et restaurants.<\/p>\n\n\n\n<p class=\"wp-block-paragraph\"><\/p>\n\n\n\n<p class=\"wp-block-paragraph\"><\/p>\n<\/div>\n<\/div>\n\n\n\n<div style=\"height:30px\" aria-hidden=\"true\" class=\"wp-block-spacer\"><\/div>\n\n\n\n<div class=\"wp-block-columns is-layout-flex wp-container-core-columns-is-layout-8f761849 wp-block-columns-is-layout-flex\">\n<div class=\"wp-block-column is-layout-flow wp-block-column-is-layout-flow\">\n<small>Raison sociale<\/small><br \/><strong>HOT KITCHEN EQUIPEMENT<\/strong>\n<\/div>\n\n\n\n<div class=\"wp-block-column is-layout-flow wp-block-column-is-layout-flow\">\n<small>Secteur<\/small><br \/><strong>Cuisiner &#038; Servir<\/strong>\n\n\n\n<p class=\"wp-block-paragraph\">&nbsp;<\/p>\n<\/div>\n\n\n\n<div class=\"wp-block-column is-layout-flow wp-block-column-is-layout-flow\">\n<small><\/small><br\/>\n<\/div>\n<\/div>\n\n\n\n<div class=\"wp-block-columns is-layout-flex wp-container-core-columns-is-layout-8f761849 wp-block-columns-is-layout-flex\">\n<div class=\"wp-block-column is-layout-flow wp-block-column-is-layout-flow\">\n<small>Contact<\/small><br \/><strong>M. MAJBER Anas<\/strong>\t\n\n\n\n<p class=\"wp-block-paragraph\">&nbsp;<\/p>\n<\/div>\n\n\n\n<div class=\"wp-block-column is-layout-flow wp-block-column-is-layout-flow\">\n<small>Fonction<\/small><br \/><strong>Directeur G\u00e9n\u00e9ral<\/strong>\t\t\t\t\n\n\n\n<p class=\"wp-block-paragraph\">&nbsp;<\/p>\n<\/div>\n\n\n\n<div class=\"wp-block-column is-layout-flow wp-block-column-is-layout-flow\">\n<small>Site web<\/small><br \/><strong>www.hotkitchen.ma<\/strong>\n\n\n\n<p class=\"wp-block-paragraph\">&nbsp;<\/p>\n<\/div>\n<\/div>\n\n\n\n<div class=\"wp-block-columns is-layout-flex wp-container-core-columns-is-layout-8f761849 wp-block-columns-is-layout-flex\">\n<div class=\"wp-block-column is-layout-flow wp-block-column-is-layout-flow\">\n<small>T\u00e9l\u00e9phone<\/small><br \/><strong>T\u00e9l. : 05-22-47-08-20 <br \/> GSM : 06-74-42-42-56<\/strong>\n<\/div>\n\n\n\n<div class=\"wp-block-column is-layout-flow wp-block-column-is-layout-flow\">\n<small>Email<\/small><br \/><strong>a.majber@hotkitchen.ma<\/strong>\n<\/div>\n\n\n\n<div class=\"wp-block-column is-layout-flow wp-block-column-is-layout-flow\">\n<small>Adresse<\/small><br \/><strong>16 BIS AVENUE AHMED CHARCI \u2013 CASABLANCA<\/strong>\n<\/div>\n<\/div>\n\n\n\n<p class=\"wp-block-paragraph\">&nbsp;<\/p>","protected":false},"featured_media":6033,"menu_order":0,"template":"","meta":{"_acf_changed":true},"categories":[68],"class_list":["post-4393","exposants","type-exposants","status-publish","has-post-thumbnail","hentry","category-cuisiner-et-servir"],"acf":[],"_links":{"self":[{"href":"https:\/\/marocotel.org\/en\/wp-json\/wp\/v2\/exposants\/4393","targetHints":{"allow":["GET"]}}],"collection":[{"href":"https:\/\/marocotel.org\/en\/wp-json\/wp\/v2\/exposants"}],"about":[{"href":"https:\/\/marocotel.org\/en\/wp-json\/wp\/v2\/types\/exposants"}],"wp:featuredmedia":[{"embeddable":true,"href":"https:\/\/marocotel.org\/en\/wp-json\/wp\/v2\/media\/6033"}],"wp:attachment":[{"href":"https:\/\/marocotel.org\/en\/wp-json\/wp\/v2\/media?parent=4393"}],"wp:term":[{"taxonomy":"category","embeddable":true,"href":"https:\/\/marocotel.org\/en\/wp-json\/wp\/v2\/categories?post=4393"}],"curies":[{"name":"wp","href":"https:\/\/api.w.org\/{rel}","templated":true}]}}

<p class="wp-block-paragraph">&nbsp;</p>



<div class="wp-block-columns is-layout-flex wp-container-core-columns-is-layout-8f761849 wp-block-columns-is-layout-flex">
<div class="wp-block-column is-layout-flow wp-block-column-is-layout-flow" style="flex-basis:33.33%"><figure class="wp-block-post-featured-image"><img loading="lazy" decoding="async" width="1250" height="1250" src="https://marocotel.org/wp-content/uploads/2024/04/Untitled-2-211-26.png" class="attachment-post-thumbnail size-post-thumbnail wp-post-image" alt="" style="object-fit:cover;" srcset="https://marocotel.org/wp-content/uploads/2024/04/Untitled-2-211-26.png 1250w, https://marocotel.org/wp-content/uploads/2024/04/Untitled-2-211-26-300x300.png 300w, https://marocotel.org/wp-content/uploads/2024/04/Untitled-2-211-26-1024x1024.png 1024w, https://marocotel.org/wp-content/uploads/2024/04/Untitled-2-211-26-150x150.png 150w, https://marocotel.org/wp-content/uploads/2024/04/Untitled-2-211-26-768x768.png 768w, https://marocotel.org/wp-content/uploads/2024/04/Untitled-2-211-26-12x12.png 12w, https://marocotel.org/wp-content/uploads/2024/04/Untitled-2-211-26-370x370.png 370w, https://marocotel.org/wp-content/uploads/2024/04/Untitled-2-211-26-170x170.png 170w" sizes="auto, (max-width: 1250px) 100vw, 1250px" /></figure></div>



<div class="wp-block-column is-layout-flow wp-block-column-is-layout-flow" style="flex-basis:66.66%">
<p class="wp-block-paragraph">HOT KITCHEN CHR, société spécialisée dans l’importation et la fourniture de solutions haut gamme en matière de Cuisine professionnelle ainsi que leur maintenance, spécialement adaptées aux hôtels, boulangeries, cafés et restaurants.</p>



<p class="wp-block-paragraph"></p>



<p class="wp-block-paragraph"></p>
</div>
</div>



<div style="height:30px" aria-hidden="true" class="wp-block-spacer"></div>



<div class="wp-block-columns is-layout-flex wp-container-core-columns-is-layout-8f761849 wp-block-columns-is-layout-flex">
<div class="wp-block-column is-layout-flow wp-block-column-is-layout-flow">
<small>Raison sociale</small><br /><strong>HOT KITCHEN EQUIPEMENT</strong>
</div>



<div class="wp-block-column is-layout-flow wp-block-column-is-layout-flow">
<small>Secteur</small><br /><strong>Cuisiner &#038; Servir</strong>



<p class="wp-block-paragraph">&nbsp;</p>
</div>



<div class="wp-block-column is-layout-flow wp-block-column-is-layout-flow">
<small></small><br/>
</div>
</div>



<div class="wp-block-columns is-layout-flex wp-container-core-columns-is-layout-8f761849 wp-block-columns-is-layout-flex">
<div class="wp-block-column is-layout-flow wp-block-column-is-layout-flow">
<small>Contact</small><br /><strong>M. MAJBER Anas</strong>	



<p class="wp-block-paragraph">&nbsp;</p>
</div>



<div class="wp-block-column is-layout-flow wp-block-column-is-layout-flow">
<small>Fonction</small><br /><strong>Directeur Général</strong>				



<p class="wp-block-paragraph">&nbsp;</p>
</div>



<div class="wp-block-column is-layout-flow wp-block-column-is-layout-flow">
<small>Site web</small><br /><strong>www.hotkitchen.ma</strong>



<p class="wp-block-paragraph">&nbsp;</p>
</div>
</div>



<div class="wp-block-columns is-layout-flex wp-container-core-columns-is-layout-8f761849 wp-block-columns-is-layout-flex">
<div class="wp-block-column is-layout-flow wp-block-column-is-layout-flow">
<small>Téléphone</small><br /><strong>Tél. : 05-22-47-08-20 <br /> GSM : 06-74-42-42-56</strong>
</div>



<div class="wp-block-column is-layout-flow wp-block-column-is-layout-flow">
<small>Email</small><br /><strong>a.majber@hotkitchen.ma</strong>
</div>



<div class="wp-block-column is-layout-flow wp-block-column-is-layout-flow">
<small>Adresse</small><br /><strong>16 BIS AVENUE AHMED CHARCI – CASABLANCA</strong>
</div>
</div>



<p class="wp-block-paragraph">&nbsp;</p>
