{"id":4386,"date":"2024-04-28T04:23:07","date_gmt":"2024-04-28T02:23:07","guid":{"rendered":"https:\/\/marocotel.org\/?post_type=exposants&#038;p=4386"},"modified":"2026-04-10T13:07:33","modified_gmt":"2026-04-10T11:07:33","slug":"armania","status":"publish","type":"exposants","link":"https:\/\/marocotel.org\/en\/exposants\/armania\/","title":{"rendered":"ARMANIA"},"content":{"rendered":"<p class=\"wp-block-paragraph\">&nbsp;<\/p>\n\n\n\n<div class=\"wp-block-columns is-layout-flex wp-container-core-columns-is-layout-8f761849 wp-block-columns-is-layout-flex\">\n<div class=\"wp-block-column is-layout-flow wp-block-column-is-layout-flow\" style=\"flex-basis:33.33%\"><figure class=\"wp-block-post-featured-image\"><img loading=\"lazy\" decoding=\"async\" width=\"670\" height=\"434\" src=\"https:\/\/marocotel.org\/wp-content\/uploads\/2024\/04\/LOGO-ARMANIA-1.png\" class=\"attachment-post-thumbnail size-post-thumbnail wp-post-image\" alt=\"\" style=\"object-fit:cover;\" srcset=\"https:\/\/marocotel.org\/wp-content\/uploads\/2024\/04\/LOGO-ARMANIA-1.png 670w, https:\/\/marocotel.org\/wp-content\/uploads\/2024\/04\/LOGO-ARMANIA-1-300x194.png 300w, https:\/\/marocotel.org\/wp-content\/uploads\/2024\/04\/LOGO-ARMANIA-1-18x12.png 18w\" sizes=\"auto, (max-width: 670px) 100vw, 670px\" \/><\/figure><\/div>\n\n\n\n<div class=\"wp-block-column is-layout-flow wp-block-column-is-layout-flow\" style=\"flex-basis:66.66%\">\n<p class=\"wp-block-paragraph\">Allier la cr\u00e9ativit\u00e9 du design \u00e0 la rigueur de l&rsquo;ex\u00e9cution : c&rsquo;est la promesse d&rsquo;Armania. En quelques ann\u00e9es seulement, notre entreprise marocaine s\u2019est impos\u00e9e comme une r\u00e9f\u00e9rence incontournable dans le secteur de l&rsquo;ameublement et du rev\u00eatement de luxe. Gr\u00e2ce \u00e0 un r\u00e9seau de partenaires europ\u00e9ens (Ege Carpets, Gabriel, Mariano, Farogia, CP Parquet, Oberflex, Baulmann by Etnobel) partageant nos valeurs d\u2019excellence, nous mettons une expertise internationale au service de vos ambitions. Du Maroc \u00e0 l\u2019\u00e9tranger, nous transformons votre vision en r\u00e9alit\u00e9, en y apportant syst\u00e9matiquement, comme notre nom l&rsquo;indique : l&rsquo;art et la mani\u00e8re.<\/p>\n\n\n\n<p class=\"wp-block-paragraph\"><\/p>\n\n\n\n<p class=\"wp-block-paragraph\"><\/p>\n\n\n\n<p class=\"wp-block-paragraph\"><\/p>\n<\/div>\n<\/div>\n\n\n\n<div style=\"height:30px\" aria-hidden=\"true\" class=\"wp-block-spacer\"><\/div>\n\n\n\n<div class=\"wp-block-columns is-layout-flex wp-container-core-columns-is-layout-8f761849 wp-block-columns-is-layout-flex\">\n<div class=\"wp-block-column is-layout-flow wp-block-column-is-layout-flow\">\n<small>Raison sociale<\/small><br \/><strong>ARMANIA<\/strong>\n<\/div>\n\n\n\n<div class=\"wp-block-column is-layout-flow wp-block-column-is-layout-flow\">\n<small>Secteur<\/small><br \/><strong>Concevoir &#038; D\u00e9corer<\/strong>\n\n\n\n<p class=\"wp-block-paragraph\">&nbsp;<\/p>\n<\/div>\n\n\n\n<div class=\"wp-block-column is-layout-flow wp-block-column-is-layout-flow\">\n<small><\/small><br\/>\n<\/div>\n<\/div>\n\n\n\n<div class=\"wp-block-columns is-layout-flex wp-container-core-columns-is-layout-8f761849 wp-block-columns-is-layout-flex\">\n<div class=\"wp-block-column is-layout-flow wp-block-column-is-layout-flow\">\n<small>Contact<\/small><br \/><strong>Mr el mekki khatib<\/strong>\n\n\n\n<p class=\"wp-block-paragraph\">&nbsp;<\/p>\n<\/div>\n\n\n\n<div class=\"wp-block-column is-layout-flow wp-block-column-is-layout-flow\">\n<small>Fonction<\/small><br \/><strong>G\u00e9rant<\/strong>\n\n\n\n<p class=\"wp-block-paragraph\">&nbsp;<\/p>\n<\/div>\n\n\n\n<div class=\"wp-block-column is-layout-flow wp-block-column-is-layout-flow\">\n<small>Site web<\/small><br \/><strong>www.armania.ma<\/strong>\n\n\n\n<p class=\"wp-block-paragraph\">&nbsp;<\/p>\n<\/div>\n<\/div>\n\n\n\n<div class=\"wp-block-columns is-layout-flex wp-container-core-columns-is-layout-8f761849 wp-block-columns-is-layout-flex\">\n<div class=\"wp-block-column is-layout-flow wp-block-column-is-layout-flow\">\n<small>T\u00e9l\u00e9phone<\/small><br \/><strong>T\u00e9l. : +212 5 37 73 53 30<br \/>GSM : +212 6 61 24 87 18<br \/>Fax : +212 5 37 73 53 30<\/strong>\n<\/div>\n\n\n\n<div class=\"wp-block-column is-layout-flow wp-block-column-is-layout-flow\">\n<small>Email<\/small><br \/><strong>contact@armania.ma<\/strong>\n<\/div>\n\n\n\n<div class=\"wp-block-column is-layout-flow wp-block-column-is-layout-flow\">\n<small>Adresse<\/small><br \/><strong>Rue el koufa quartier hassan 10020 &#8211; Rabat<\/strong>\n<\/div>\n<\/div>\n\n\n\n<p class=\"wp-block-paragraph\">&nbsp;<\/p>","protected":false},"featured_media":6538,"menu_order":0,"template":"","meta":{"_acf_changed":false},"categories":[69],"class_list":["post-4386","exposants","type-exposants","status-publish","has-post-thumbnail","hentry","category-concevoir-et-decorer"],"acf":[],"_links":{"self":[{"href":"https:\/\/marocotel.org\/en\/wp-json\/wp\/v2\/exposants\/4386","targetHints":{"allow":["GET"]}}],"collection":[{"href":"https:\/\/marocotel.org\/en\/wp-json\/wp\/v2\/exposants"}],"about":[{"href":"https:\/\/marocotel.org\/en\/wp-json\/wp\/v2\/types\/exposants"}],"wp:featuredmedia":[{"embeddable":true,"href":"https:\/\/marocotel.org\/en\/wp-json\/wp\/v2\/media\/6538"}],"wp:attachment":[{"href":"https:\/\/marocotel.org\/en\/wp-json\/wp\/v2\/media?parent=4386"}],"wp:term":[{"taxonomy":"category","embeddable":true,"href":"https:\/\/marocotel.org\/en\/wp-json\/wp\/v2\/categories?post=4386"}],"curies":[{"name":"wp","href":"https:\/\/api.w.org\/{rel}","templated":true}]}}

<p class="wp-block-paragraph">&nbsp;</p>



<div class="wp-block-columns is-layout-flex wp-container-core-columns-is-layout-8f761849 wp-block-columns-is-layout-flex">
<div class="wp-block-column is-layout-flow wp-block-column-is-layout-flow" style="flex-basis:33.33%"><figure class="wp-block-post-featured-image"><img loading="lazy" decoding="async" width="670" height="434" src="https://marocotel.org/wp-content/uploads/2024/04/LOGO-ARMANIA-1.png" class="attachment-post-thumbnail size-post-thumbnail wp-post-image" alt="" style="object-fit:cover;" srcset="https://marocotel.org/wp-content/uploads/2024/04/LOGO-ARMANIA-1.png 670w, https://marocotel.org/wp-content/uploads/2024/04/LOGO-ARMANIA-1-300x194.png 300w, https://marocotel.org/wp-content/uploads/2024/04/LOGO-ARMANIA-1-18x12.png 18w" sizes="auto, (max-width: 670px) 100vw, 670px" /></figure></div>



<div class="wp-block-column is-layout-flow wp-block-column-is-layout-flow" style="flex-basis:66.66%">
<p class="wp-block-paragraph">Allier la créativité du design à la rigueur de l&rsquo;exécution : c&rsquo;est la promesse d&rsquo;Armania. En quelques années seulement, notre entreprise marocaine s’est imposée comme une référence incontournable dans le secteur de l&rsquo;ameublement et du revêtement de luxe. Grâce à un réseau de partenaires européens (Ege Carpets, Gabriel, Mariano, Farogia, CP Parquet, Oberflex, Baulmann by Etnobel) partageant nos valeurs d’excellence, nous mettons une expertise internationale au service de vos ambitions. Du Maroc à l’étranger, nous transformons votre vision en réalité, en y apportant systématiquement, comme notre nom l&rsquo;indique : l&rsquo;art et la manière.</p>



<p class="wp-block-paragraph"></p>



<p class="wp-block-paragraph"></p>



<p class="wp-block-paragraph"></p>
</div>
</div>



<div style="height:30px" aria-hidden="true" class="wp-block-spacer"></div>



<div class="wp-block-columns is-layout-flex wp-container-core-columns-is-layout-8f761849 wp-block-columns-is-layout-flex">
<div class="wp-block-column is-layout-flow wp-block-column-is-layout-flow">
<small>Raison sociale</small><br /><strong>ARMANIA</strong>
</div>



<div class="wp-block-column is-layout-flow wp-block-column-is-layout-flow">
<small>Secteur</small><br /><strong>Concevoir &#038; Décorer</strong>



<p class="wp-block-paragraph">&nbsp;</p>
</div>



<div class="wp-block-column is-layout-flow wp-block-column-is-layout-flow">
<small></small><br/>
</div>
</div>



<div class="wp-block-columns is-layout-flex wp-container-core-columns-is-layout-8f761849 wp-block-columns-is-layout-flex">
<div class="wp-block-column is-layout-flow wp-block-column-is-layout-flow">
<small>Contact</small><br /><strong>Mr el mekki khatib</strong>



<p class="wp-block-paragraph">&nbsp;</p>
</div>



<div class="wp-block-column is-layout-flow wp-block-column-is-layout-flow">
<small>Fonction</small><br /><strong>Gérant</strong>



<p class="wp-block-paragraph">&nbsp;</p>
</div>



<div class="wp-block-column is-layout-flow wp-block-column-is-layout-flow">
<small>Site web</small><br /><strong>www.armania.ma</strong>



<p class="wp-block-paragraph">&nbsp;</p>
</div>
</div>



<div class="wp-block-columns is-layout-flex wp-container-core-columns-is-layout-8f761849 wp-block-columns-is-layout-flex">
<div class="wp-block-column is-layout-flow wp-block-column-is-layout-flow">
<small>Téléphone</small><br /><strong>Tél. : +212 5 37 73 53 30<br />GSM : +212 6 61 24 87 18<br />Fax : +212 5 37 73 53 30</strong>
</div>



<div class="wp-block-column is-layout-flow wp-block-column-is-layout-flow">
<small>Email</small><br /><strong>contact@armania.ma</strong>
</div>



<div class="wp-block-column is-layout-flow wp-block-column-is-layout-flow">
<small>Adresse</small><br /><strong>Rue el koufa quartier hassan 10020 &#8211; Rabat</strong>
</div>
</div>



<p class="wp-block-paragraph">&nbsp;</p>
