{"id":4357,"date":"2024-04-27T04:51:41","date_gmt":"2024-04-27T02:51:41","guid":{"rendered":"https:\/\/marocotel.org\/?post_type=exposants&#038;p=4357"},"modified":"2026-03-25T23:32:39","modified_gmt":"2026-03-25T22:32:39","slug":"poly-cafe","status":"publish","type":"exposants","link":"https:\/\/marocotel.org\/en\/exposants\/poly-cafe\/","title":{"rendered":"POLY CAFE"},"content":{"rendered":"<p class=\"wp-block-paragraph\">&nbsp;<\/p>\n\n\n\n<div class=\"wp-block-columns is-layout-flex wp-container-core-columns-is-layout-8f761849 wp-block-columns-is-layout-flex\">\n<div class=\"wp-block-column is-layout-flow wp-block-column-is-layout-flow\" style=\"flex-basis:33.33%\"><figure class=\"wp-block-post-featured-image\"><img loading=\"lazy\" decoding=\"async\" width=\"1250\" height=\"1250\" src=\"https:\/\/marocotel.org\/wp-content\/uploads\/2024\/04\/Untitled-2-03.png\" class=\"attachment-post-thumbnail size-post-thumbnail wp-post-image\" alt=\"\" style=\"object-fit:cover;\" srcset=\"https:\/\/marocotel.org\/wp-content\/uploads\/2024\/04\/Untitled-2-03.png 1250w, https:\/\/marocotel.org\/wp-content\/uploads\/2024\/04\/Untitled-2-03-300x300.png 300w, https:\/\/marocotel.org\/wp-content\/uploads\/2024\/04\/Untitled-2-03-1024x1024.png 1024w, https:\/\/marocotel.org\/wp-content\/uploads\/2024\/04\/Untitled-2-03-150x150.png 150w, https:\/\/marocotel.org\/wp-content\/uploads\/2024\/04\/Untitled-2-03-768x768.png 768w, https:\/\/marocotel.org\/wp-content\/uploads\/2024\/04\/Untitled-2-03-12x12.png 12w, https:\/\/marocotel.org\/wp-content\/uploads\/2024\/04\/Untitled-2-03-370x370.png 370w, https:\/\/marocotel.org\/wp-content\/uploads\/2024\/04\/Untitled-2-03-170x170.png 170w\" sizes=\"auto, (max-width: 1250px) 100vw, 1250px\" \/><\/figure><\/div>\n\n\n\n<div class=\"wp-block-column is-layout-flow wp-block-column-is-layout-flow\" style=\"flex-basis:66.66%\">\n<p class=\"wp-block-paragraph\">Poly Cafe est une entreprise sp\u00e9cialis\u00e9e dans la torr\u00e9faction et la distribution de caf\u00e9 au Maroc sous la marque Wedrink\u2019s. Elle propose des caf\u00e9s de qualit\u00e9 ainsi que des solutions adapt\u00e9es aux professionnels de CHR en partenariat avec Nexus Italie. Et m\u00eame les machines \u00e0 caf\u00e9 et les moulins de la marque Magister Italie .<\/p>\n\n\n\n<p class=\"wp-block-paragraph\"><\/p>\n\n\n\n<p class=\"wp-block-paragraph\"><\/p>\n<\/div>\n<\/div>\n\n\n\n<div style=\"height:30px\" aria-hidden=\"true\" class=\"wp-block-spacer\"><\/div>\n\n\n\n<div class=\"wp-block-columns is-layout-flex wp-container-core-columns-is-layout-8f761849 wp-block-columns-is-layout-flex\">\n<div class=\"wp-block-column is-layout-flow wp-block-column-is-layout-flow\">\n<small>Raison sociale<\/small><br \/><strong>POLY CAFE<\/strong>\n<\/div>\n\n\n\n<div class=\"wp-block-column is-layout-flow wp-block-column-is-layout-flow\">\n<small>Secteur<\/small><br \/><strong>Cuisiner &#038; Servir<\/strong>\n\n\n\n<p class=\"wp-block-paragraph\">&nbsp;<\/p>\n<\/div>\n\n\n\n<div class=\"wp-block-column is-layout-flow wp-block-column-is-layout-flow\">\n<small><\/small><br\/>\n<\/div>\n<\/div>\n\n\n\n<div class=\"wp-block-columns is-layout-flex wp-container-core-columns-is-layout-8f761849 wp-block-columns-is-layout-flex\">\n<div class=\"wp-block-column is-layout-flow wp-block-column-is-layout-flow\">\n<small>Contact<\/small><br \/><strong>Contact : 0600678678<\/strong>\n\n\n\n<p class=\"wp-block-paragraph\">&nbsp;<\/p>\n<\/div>\n\n\n\n<div class=\"wp-block-column is-layout-flow wp-block-column-is-layout-flow\">\n<small>Fonction<\/small><br \/><strong>DIRECTEUR GENERAL<\/strong>\n\n\n\n<p class=\"wp-block-paragraph\">&nbsp;<\/p>\n<\/div>\n\n\n\n<div class=\"wp-block-column is-layout-flow wp-block-column-is-layout-flow\">\n<small>Site web<\/small><br \/><strong>www.wedrinks.ma<\/strong>\n\n\n\n\n<p class=\"wp-block-paragraph\">&nbsp;<\/p>\n<\/div>\n<\/div>\n\n\n\n<div class=\"wp-block-columns is-layout-flex wp-container-core-columns-is-layout-8f761849 wp-block-columns-is-layout-flex\">\n<div class=\"wp-block-column is-layout-flow wp-block-column-is-layout-flow\">\n<small>T\u00e9l\u00e9phone<\/small><br \/><strong>T\u00e9l. : 0645767665<br \/>GSM : 0600678678<\/strong>\n<\/div>\n\n\n\n<div class=\"wp-block-column is-layout-flow wp-block-column-is-layout-flow\">\n<small>Email<\/small><br \/><strong>contact@polycafe.com<\/strong>\n<\/div>\n\n\n\n<div class=\"wp-block-column is-layout-flow wp-block-column-is-layout-flow\">\n<small>Adresse<\/small><br \/><strong>BD BRAHIM ROUDANI RUE DES ACACIAS MAARIF CASABLANCA<\/strong>\n<\/div>\n<\/div>\n\n\n\n<p class=\"wp-block-paragraph\">&nbsp;<\/p>","protected":false},"featured_media":5967,"menu_order":0,"template":"","meta":{"_acf_changed":true},"categories":[68],"class_list":["post-4357","exposants","type-exposants","status-publish","has-post-thumbnail","hentry","category-cuisiner-et-servir"],"acf":[],"_links":{"self":[{"href":"https:\/\/marocotel.org\/en\/wp-json\/wp\/v2\/exposants\/4357","targetHints":{"allow":["GET"]}}],"collection":[{"href":"https:\/\/marocotel.org\/en\/wp-json\/wp\/v2\/exposants"}],"about":[{"href":"https:\/\/marocotel.org\/en\/wp-json\/wp\/v2\/types\/exposants"}],"wp:featuredmedia":[{"embeddable":true,"href":"https:\/\/marocotel.org\/en\/wp-json\/wp\/v2\/media\/5967"}],"wp:attachment":[{"href":"https:\/\/marocotel.org\/en\/wp-json\/wp\/v2\/media?parent=4357"}],"wp:term":[{"taxonomy":"category","embeddable":true,"href":"https:\/\/marocotel.org\/en\/wp-json\/wp\/v2\/categories?post=4357"}],"curies":[{"name":"wp","href":"https:\/\/api.w.org\/{rel}","templated":true}]}}

<p class="wp-block-paragraph">&nbsp;</p>



<div class="wp-block-columns is-layout-flex wp-container-core-columns-is-layout-8f761849 wp-block-columns-is-layout-flex">
<div class="wp-block-column is-layout-flow wp-block-column-is-layout-flow" style="flex-basis:33.33%"><figure class="wp-block-post-featured-image"><img loading="lazy" decoding="async" width="1250" height="1250" src="https://marocotel.org/wp-content/uploads/2024/04/Untitled-2-03.png" class="attachment-post-thumbnail size-post-thumbnail wp-post-image" alt="" style="object-fit:cover;" srcset="https://marocotel.org/wp-content/uploads/2024/04/Untitled-2-03.png 1250w, https://marocotel.org/wp-content/uploads/2024/04/Untitled-2-03-300x300.png 300w, https://marocotel.org/wp-content/uploads/2024/04/Untitled-2-03-1024x1024.png 1024w, https://marocotel.org/wp-content/uploads/2024/04/Untitled-2-03-150x150.png 150w, https://marocotel.org/wp-content/uploads/2024/04/Untitled-2-03-768x768.png 768w, https://marocotel.org/wp-content/uploads/2024/04/Untitled-2-03-12x12.png 12w, https://marocotel.org/wp-content/uploads/2024/04/Untitled-2-03-370x370.png 370w, https://marocotel.org/wp-content/uploads/2024/04/Untitled-2-03-170x170.png 170w" sizes="auto, (max-width: 1250px) 100vw, 1250px" /></figure></div>



<div class="wp-block-column is-layout-flow wp-block-column-is-layout-flow" style="flex-basis:66.66%">
<p class="wp-block-paragraph">Poly Cafe est une entreprise spécialisée dans la torréfaction et la distribution de café au Maroc sous la marque Wedrink’s. Elle propose des cafés de qualité ainsi que des solutions adaptées aux professionnels de CHR en partenariat avec Nexus Italie. Et même les machines à café et les moulins de la marque Magister Italie .</p>



<p class="wp-block-paragraph"></p>



<p class="wp-block-paragraph"></p>
</div>
</div>



<div style="height:30px" aria-hidden="true" class="wp-block-spacer"></div>



<div class="wp-block-columns is-layout-flex wp-container-core-columns-is-layout-8f761849 wp-block-columns-is-layout-flex">
<div class="wp-block-column is-layout-flow wp-block-column-is-layout-flow">
<small>Raison sociale</small><br /><strong>POLY CAFE</strong>
</div>



<div class="wp-block-column is-layout-flow wp-block-column-is-layout-flow">
<small>Secteur</small><br /><strong>Cuisiner &#038; Servir</strong>



<p class="wp-block-paragraph">&nbsp;</p>
</div>



<div class="wp-block-column is-layout-flow wp-block-column-is-layout-flow">
<small></small><br/>
</div>
</div>



<div class="wp-block-columns is-layout-flex wp-container-core-columns-is-layout-8f761849 wp-block-columns-is-layout-flex">
<div class="wp-block-column is-layout-flow wp-block-column-is-layout-flow">
<small>Contact</small><br /><strong>Contact : 0600678678</strong>



<p class="wp-block-paragraph">&nbsp;</p>
</div>



<div class="wp-block-column is-layout-flow wp-block-column-is-layout-flow">
<small>Fonction</small><br /><strong>DIRECTEUR GENERAL</strong>



<p class="wp-block-paragraph">&nbsp;</p>
</div>



<div class="wp-block-column is-layout-flow wp-block-column-is-layout-flow">
<small>Site web</small><br /><strong>www.wedrinks.ma</strong>




<p class="wp-block-paragraph">&nbsp;</p>
</div>
</div>



<div class="wp-block-columns is-layout-flex wp-container-core-columns-is-layout-8f761849 wp-block-columns-is-layout-flex">
<div class="wp-block-column is-layout-flow wp-block-column-is-layout-flow">
<small>Téléphone</small><br /><strong>Tél. : 0645767665<br />GSM : 0600678678</strong>
</div>



<div class="wp-block-column is-layout-flow wp-block-column-is-layout-flow">
<small>Email</small><br /><strong>contact@polycafe.com</strong>
</div>



<div class="wp-block-column is-layout-flow wp-block-column-is-layout-flow">
<small>Adresse</small><br /><strong>BD BRAHIM ROUDANI RUE DES ACACIAS MAARIF CASABLANCA</strong>
</div>
</div>



<p class="wp-block-paragraph">&nbsp;</p>
