{"id":4345,"date":"2024-04-27T02:25:43","date_gmt":"2024-04-27T00:25:43","guid":{"rendered":"https:\/\/marocotel.org\/?post_type=exposants&#038;p=4345"},"modified":"2026-04-02T05:43:23","modified_gmt":"2026-04-02T03:43:23","slug":"artco","status":"publish","type":"exposants","link":"https:\/\/marocotel.org\/en\/exposants\/artco\/","title":{"rendered":"ARTCO"},"content":{"rendered":"<p class=\"wp-block-paragraph\">&nbsp;<\/p>\n\n\n\n<div class=\"wp-block-columns is-layout-flex wp-container-core-columns-is-layout-8f761849 wp-block-columns-is-layout-flex\">\n<div class=\"wp-block-column is-layout-flow wp-block-column-is-layout-flow\" style=\"flex-basis:33.33%\"><figure class=\"wp-block-post-featured-image\"><img loading=\"lazy\" decoding=\"async\" width=\"640\" height=\"233\" src=\"https:\/\/marocotel.org\/wp-content\/uploads\/2024\/04\/logo-artco.png\" class=\"attachment-post-thumbnail size-post-thumbnail wp-post-image\" alt=\"\" style=\"object-fit:cover;\" srcset=\"https:\/\/marocotel.org\/wp-content\/uploads\/2024\/04\/logo-artco.png 640w, https:\/\/marocotel.org\/wp-content\/uploads\/2024\/04\/logo-artco-300x109.png 300w, https:\/\/marocotel.org\/wp-content\/uploads\/2024\/04\/logo-artco-18x7.png 18w\" sizes=\"auto, (max-width: 640px) 100vw, 640px\" \/><\/figure><\/div>\n\n\n\n<div class=\"wp-block-column is-layout-flow wp-block-column-is-layout-flow\" style=\"flex-basis:66.66%\">\n<p class=\"wp-block-paragraph\">ARTCO regroupe un service complet de d\u00e9coration et d\u2019am\u00e9nagement int\u00e9rieur, principalement ax\u00e9 sur la conception sur mesure, la fabrication artisanale de tapis, la fourniture de moquettes et la pose professionnelle, couvrant aussi bien les projets r\u00e9sidentiels que les espaces professionnels comme les h\u00f4tels et bureaux. ARTCO accompagne ses clients de l\u2019id\u00e9e jusqu\u2019\u00e0 l\u2019installation finale, en mettant l\u2019accent sur la qualit\u00e9 des mat\u00e9riaux et le design personnalis\u00e9. Aujourd\u2019hui, la marque \u00e9volue en lan\u00e7ant deux nouvelles entit\u00e9s compl\u00e9mentaires : Solia by ARTCO, d\u00e9di\u00e9e aux solutions de rev\u00eatement de sol modernes et accessibles, et Muralia by ARTCO, un concept innovant orient\u00e9 vers l\u2019habillage mural et la d\u00e9coration verticale, apportant une nouvelle dimension cr\u00e9ative \u00e0 l\u2019am\u00e9nagement des espaces.<\/p>\n\n\n\n<p class=\"wp-block-paragraph\"><\/p>\n<\/div>\n<\/div>\n\n\n\n<div style=\"height:30px\" aria-hidden=\"true\" class=\"wp-block-spacer\"><\/div>\n\n\n\n<div class=\"wp-block-columns is-layout-flex wp-container-core-columns-is-layout-8f761849 wp-block-columns-is-layout-flex\">\n<div class=\"wp-block-column is-layout-flow wp-block-column-is-layout-flow\">\n<small>Raison sociale<\/small><br \/><strong>ARTCO<\/strong>\n<\/div>\n\n\n\n<div class=\"wp-block-column is-layout-flow wp-block-column-is-layout-flow\">\n<small>Secteur<\/small><br \/><strong>Concevoir &#038; D\u00e9corer<\/strong>\n\n\n\n<p class=\"wp-block-paragraph\">&nbsp;<\/p>\n<\/div>\n\n\n\n<div class=\"wp-block-column is-layout-flow wp-block-column-is-layout-flow\">\n<small><\/small><br\/>\n<\/div>\n<\/div>\n\n\n\n<div class=\"wp-block-columns is-layout-flex wp-container-core-columns-is-layout-8f761849 wp-block-columns-is-layout-flex\">\n<div class=\"wp-block-column is-layout-flow wp-block-column-is-layout-flow\">\n<small>Contact<\/small><br \/><strong>Fatima-zahra Essadki<\/strong>\n\n\n\n<p class=\"wp-block-paragraph\">&nbsp;<\/p>\n<\/div>\n\n\n\n<div class=\"wp-block-column is-layout-flow wp-block-column-is-layout-flow\">\n<small>Fonction<\/small><br \/><strong>Marketing et communictaion<\/strong>\n\n\n\n<p class=\"wp-block-paragraph\">&nbsp;<\/p>\n<\/div>\n\n\n\n<div class=\"wp-block-column is-layout-flow wp-block-column-is-layout-flow\">\n<small>Site web<\/small><br \/><strong>www.Artco-design.com<\/strong>\n\n\n\n<p class=\"wp-block-paragraph\">&nbsp;<\/p>\n<\/div>\n<\/div>\n\n\n\n<div class=\"wp-block-columns is-layout-flex wp-container-core-columns-is-layout-8f761849 wp-block-columns-is-layout-flex\">\n<div class=\"wp-block-column is-layout-flow wp-block-column-is-layout-flow\">\n<small>T\u00e9l\u00e9phone<\/small><br \/><strong>T\u00e9l. : 0537814981<br \/>GSM : 0661848484<\/strong>\n<\/div>\n\n\n\n<div class=\"wp-block-column is-layout-flow wp-block-column-is-layout-flow\">\n<small>Email<\/small><br \/><strong>info@artco.ma<\/strong>\n<\/div>\n\n\n\n<div class=\"wp-block-column is-layout-flow wp-block-column-is-layout-flow\">\n<small>Adresse<\/small><br \/><strong>N\u00b0 5&#038;6 zone industriel aviation -Sal\u00e9 &#8211;<\/strong>\n<\/div>\n<\/div>\n\n\n\n<p class=\"wp-block-paragraph\">&nbsp;<\/p>","protected":false},"featured_media":4346,"menu_order":0,"template":"","meta":{"_acf_changed":true},"categories":[69],"class_list":["post-4345","exposants","type-exposants","status-publish","has-post-thumbnail","hentry","category-concevoir-et-decorer"],"acf":[],"_links":{"self":[{"href":"https:\/\/marocotel.org\/en\/wp-json\/wp\/v2\/exposants\/4345","targetHints":{"allow":["GET"]}}],"collection":[{"href":"https:\/\/marocotel.org\/en\/wp-json\/wp\/v2\/exposants"}],"about":[{"href":"https:\/\/marocotel.org\/en\/wp-json\/wp\/v2\/types\/exposants"}],"wp:featuredmedia":[{"embeddable":true,"href":"https:\/\/marocotel.org\/en\/wp-json\/wp\/v2\/media\/4346"}],"wp:attachment":[{"href":"https:\/\/marocotel.org\/en\/wp-json\/wp\/v2\/media?parent=4345"}],"wp:term":[{"taxonomy":"category","embeddable":true,"href":"https:\/\/marocotel.org\/en\/wp-json\/wp\/v2\/categories?post=4345"}],"curies":[{"name":"wp","href":"https:\/\/api.w.org\/{rel}","templated":true}]}}

<p class="wp-block-paragraph">&nbsp;</p>



<div class="wp-block-columns is-layout-flex wp-container-core-columns-is-layout-8f761849 wp-block-columns-is-layout-flex">
<div class="wp-block-column is-layout-flow wp-block-column-is-layout-flow" style="flex-basis:33.33%"><figure class="wp-block-post-featured-image"><img loading="lazy" decoding="async" width="640" height="233" src="https://marocotel.org/wp-content/uploads/2024/04/logo-artco.png" class="attachment-post-thumbnail size-post-thumbnail wp-post-image" alt="" style="object-fit:cover;" srcset="https://marocotel.org/wp-content/uploads/2024/04/logo-artco.png 640w, https://marocotel.org/wp-content/uploads/2024/04/logo-artco-300x109.png 300w, https://marocotel.org/wp-content/uploads/2024/04/logo-artco-18x7.png 18w" sizes="auto, (max-width: 640px) 100vw, 640px" /></figure></div>



<div class="wp-block-column is-layout-flow wp-block-column-is-layout-flow" style="flex-basis:66.66%">
<p class="wp-block-paragraph">ARTCO regroupe un service complet de décoration et d’aménagement intérieur, principalement axé sur la conception sur mesure, la fabrication artisanale de tapis, la fourniture de moquettes et la pose professionnelle, couvrant aussi bien les projets résidentiels que les espaces professionnels comme les hôtels et bureaux. ARTCO accompagne ses clients de l’idée jusqu’à l’installation finale, en mettant l’accent sur la qualité des matériaux et le design personnalisé. Aujourd’hui, la marque évolue en lançant deux nouvelles entités complémentaires : Solia by ARTCO, dédiée aux solutions de revêtement de sol modernes et accessibles, et Muralia by ARTCO, un concept innovant orienté vers l’habillage mural et la décoration verticale, apportant une nouvelle dimension créative à l’aménagement des espaces.</p>



<p class="wp-block-paragraph"></p>
</div>
</div>



<div style="height:30px" aria-hidden="true" class="wp-block-spacer"></div>



<div class="wp-block-columns is-layout-flex wp-container-core-columns-is-layout-8f761849 wp-block-columns-is-layout-flex">
<div class="wp-block-column is-layout-flow wp-block-column-is-layout-flow">
<small>Raison sociale</small><br /><strong>ARTCO</strong>
</div>



<div class="wp-block-column is-layout-flow wp-block-column-is-layout-flow">
<small>Secteur</small><br /><strong>Concevoir &#038; Décorer</strong>



<p class="wp-block-paragraph">&nbsp;</p>
</div>



<div class="wp-block-column is-layout-flow wp-block-column-is-layout-flow">
<small></small><br/>
</div>
</div>



<div class="wp-block-columns is-layout-flex wp-container-core-columns-is-layout-8f761849 wp-block-columns-is-layout-flex">
<div class="wp-block-column is-layout-flow wp-block-column-is-layout-flow">
<small>Contact</small><br /><strong>Fatima-zahra Essadki</strong>



<p class="wp-block-paragraph">&nbsp;</p>
</div>



<div class="wp-block-column is-layout-flow wp-block-column-is-layout-flow">
<small>Fonction</small><br /><strong>Marketing et communictaion</strong>



<p class="wp-block-paragraph">&nbsp;</p>
</div>



<div class="wp-block-column is-layout-flow wp-block-column-is-layout-flow">
<small>Site web</small><br /><strong>www.Artco-design.com</strong>



<p class="wp-block-paragraph">&nbsp;</p>
</div>
</div>



<div class="wp-block-columns is-layout-flex wp-container-core-columns-is-layout-8f761849 wp-block-columns-is-layout-flex">
<div class="wp-block-column is-layout-flow wp-block-column-is-layout-flow">
<small>Téléphone</small><br /><strong>Tél. : 0537814981<br />GSM : 0661848484</strong>
</div>



<div class="wp-block-column is-layout-flow wp-block-column-is-layout-flow">
<small>Email</small><br /><strong>info@artco.ma</strong>
</div>



<div class="wp-block-column is-layout-flow wp-block-column-is-layout-flow">
<small>Adresse</small><br /><strong>N° 5&#038;6 zone industriel aviation -Salé &#8211;</strong>
</div>
</div>



<p class="wp-block-paragraph">&nbsp;</p>
